Last updated on 2023-01-27 23:38:12 CET.
Flavor | Version | Tinstall | Tcheck | Ttotal | Status | Flags |
---|---|---|---|---|---|---|
r-devel-linux-x86_64-debian-clang | 1.7.3 | 72.94 | 37.19 | 110.13 | OK | |
r-devel-linux-x86_64-debian-gcc | 1.7.3 | 62.50 | 28.74 | 91.24 | OK | |
r-devel-linux-x86_64-fedora-clang | 1.7.3 | 166.59 | NOTE | |||
r-devel-linux-x86_64-fedora-gcc | 1.7.3 | 159.25 | NOTE | |||
r-patched-linux-x86_64 | 1.7.3 | 69.58 | 36.12 | 105.70 | OK | |
r-release-linux-x86_64 | 1.7.3 | 64.53 | 36.86 | 101.39 | OK | |
r-release-macos-arm64 | 1.7.3 | 44.00 | NOTE | |||
r-release-macos-x86_64 | 1.7.3 | 62.00 | NOTE | |||
r-release-windows-x86_64 | 1.7.3 | 89.00 | 96.00 | 185.00 | OK | |
r-oldrel-macos-arm64 | 1.7.3 | 51.00 | NOTE | |||
r-oldrel-macos-x86_64 | 1.7.3 | 80.00 | NOTE | |||
r-oldrel-windows-ix86+x86_64 | 1.7.3 | 176.00 | 162.00 | 338.00 | OK |
Version: 1.7.3
Check: Rd cross-references
Result: NOTE
Undeclared package ‘httr’ in Rd xrefs
Flavor: r-devel-linux-x86_64-fedora-clang
Version: 1.7.3
Check: data for non-ASCII characters
Result: NOTE
Note: found 488 marked UTF-8 strings
Flavors: r-devel-linux-x86_64-fedora-clang, r-devel-linux-x86_64-fedora-gcc, r-release-macos-arm64, r-release-macos-x86_64, r-oldrel-macos-arm64, r-oldrel-macos-x86_64