CRAN Package Check Results for Package urlchecker

Last updated on 2022-08-16 05:54:14 CEST.

Flavor Version Tinstall Tcheck Ttotal Status Flags
r-devel-linux-x86_64-debian-clang 1.0.1 2.01 22.56 24.57 OK
r-devel-linux-x86_64-debian-gcc 1.0.1 1.32 17.87 19.19 OK
r-devel-linux-x86_64-fedora-clang 1.0.1 41.30 NOTE
r-devel-linux-x86_64-fedora-gcc 1.0.1 42.08 NOTE
r-devel-windows-x86_64 1.0.1 11.00 46.00 57.00 OK
r-patched-linux-x86_64 1.0.1 2.18 21.61 23.79 OK
r-release-linux-x86_64 1.0.1 2.27 22.01 24.28 OK
r-release-macos-arm64 1.0.1 15.00 NOTE
r-release-macos-x86_64 1.0.1 21.00 NOTE
r-release-windows-x86_64 1.0.1 13.00 59.00 72.00 OK
r-oldrel-macos-arm64 1.0.1 71.00 NOTE
r-oldrel-macos-x86_64 1.0.1 21.00 NOTE
r-oldrel-windows-ix86+x86_64 1.0.1 6.00 44.00 50.00 OK

Check Details

Version: 1.0.1
Check: dependencies in R code
Result: NOTE
    Namespace in Imports field not imported from: ‘xml2’
     All declared Imports should be used.
Flavors: r-devel-linux-x86_64-fedora-clang, r-devel-linux-x86_64-fedora-gcc, r-release-macos-arm64, r-release-macos-x86_64, r-oldrel-macos-arm64, r-oldrel-macos-x86_64