CRAN Package Check Results for Package urca

Last updated on 2020-09-23 14:12:46 CEST.

Flavor Version Tinstall Tcheck Ttotal Status Flags
r-devel-linux-x86_64-debian-clang 1.3-0 10.79 60.64 71.43 OK
r-devel-linux-x86_64-debian-gcc 1.3-0 8.38 47.07 55.45 OK
r-devel-linux-x86_64-fedora-clang 1.3-0 108.24 NOTE
r-devel-linux-x86_64-fedora-gcc 1.3-0 81.44 NOTE
r-devel-windows-ix86+x86_64 1.3-0 25.00 70.00 95.00 OK
r-patched-linux-x86_64 1.3-0 9.75 58.34 68.09 OK
r-patched-solaris-x86 1.3-0 111.50 OK
r-release-linux-x86_64 1.3-0 9.34 58.16 67.50 OK
r-release-macos-x86_64 1.3-0 OK
r-release-windows-ix86+x86_64 1.3-0 20.00 101.00 121.00 OK
r-oldrel-macos-x86_64 1.3-0 OK
r-oldrel-windows-ix86+x86_64 1.3-0 13.00 89.00 102.00 OK

Check Details

Version: 1.3-0
Check: compiled code
Result: NOTE
    File ‘urca/libs/urca.so’:
     Found no calls to: ‘R_registerRoutines’, ‘R_useDynamicSymbols’
    
    It is good practice to register native routines and to disable symbol
    search.
    
    See ‘Writing portable packages’ in the ‘Writing R Extensions’ manual.
Flavors: r-devel-linux-x86_64-fedora-clang, r-devel-linux-x86_64-fedora-gcc