CRAN Package Check Results for Package unusualprofile

Last updated on 2022-12-02 12:55:07 CET.

Flavor Version Tinstall Tcheck Ttotal Status Flags
r-devel-linux-x86_64-debian-clang 0.1.0 4.79 78.39 83.18 OK
r-devel-linux-x86_64-debian-gcc 0.1.1 2.95 35.59 38.54 OK
r-devel-linux-x86_64-fedora-clang 0.1.1 73.43 OK
r-devel-linux-x86_64-fedora-gcc 0.1.1 81.77 OK
r-devel-windows-x86_64 0.1.1 49.00 80.00 129.00 OK
r-patched-linux-x86_64 0.1.0 4.45 72.57 77.02 OK
r-release-linux-x86_64 0.1.1 2.79 43.82 46.61 OK
r-release-macos-arm64 0.1.1 23.00 OK
r-release-macos-x86_64 0.1.1 33.00 OK
r-release-windows-x86_64 0.1.1 41.00 72.00 113.00 OK
r-oldrel-macos-arm64 0.1.0 37.00 NOTE
r-oldrel-macos-x86_64 0.1.1 37.00 OK
r-oldrel-windows-ix86+x86_64 0.1.1 9.00 71.00 80.00 OK

Check Details

Version: 0.1.0
Check: dependencies in R code
Result: NOTE
    Namespaces in Imports field not imported from:
     ‘lavaan’ ‘lifecycle’ ‘patchwork’ ‘ragg’ ‘scales’ ‘simstandard’
     All declared Imports should be used.
Flavor: r-oldrel-macos-arm64