CRAN Package Check Results for Package unsystation

Last updated on 2021-12-04 21:53:25 CET.

Flavor Version Tinstall Tcheck Ttotal Status Flags
r-devel-linux-x86_64-debian-clang 0.2.0 26.56 34.58 61.14 NOTE
r-devel-linux-x86_64-debian-gcc 0.2.0 24.14 27.21 51.35 NOTE
r-devel-linux-x86_64-fedora-clang 0.2.0 96.92 NOTE
r-devel-linux-x86_64-fedora-gcc 0.2.0 79.20 NOTE
r-devel-windows-x86_64-new-UL 0.2.0 42.00 91.00 133.00 NOTE
r-devel-windows-x86_64-new-TK 0.2.0 NOTE
r-devel-windows-x86_64-old 0.2.0 42.00 44.00 86.00 NOTE
r-patched-linux-x86_64 0.2.0 29.83 25.07 54.90 NOTE
r-release-linux-x86_64 0.2.0 29.01 25.18 54.19 NOTE
r-release-macos-arm64 0.2.0 NOTE
r-release-macos-x86_64 0.2.0 NOTE
r-release-windows-ix86+x86_64 0.2.0 80.00 68.00 148.00 NOTE
r-oldrel-macos-x86_64 0.2.0 OK
r-oldrel-windows-ix86+x86_64 0.2.0 80.00 69.00 149.00 OK

Check Details

Version: 0.2.0
Check: LazyData
Result: NOTE
     'LazyData' is specified without a 'data' directory
Flavors: r-devel-linux-x86_64-debian-clang, r-devel-linux-x86_64-debian-gcc, r-devel-linux-x86_64-fedora-clang, r-devel-linux-x86_64-fedora-gcc, r-devel-windows-x86_64-new-UL, r-devel-windows-x86_64-new-TK, r-devel-windows-x86_64-old, r-patched-linux-x86_64, r-release-linux-x86_64, r-release-macos-arm64, r-release-macos-x86_64, r-release-windows-ix86+x86_64