CRAN Package Check Results for Package unmarked

Last updated on 2021-12-03 09:54:12 CET.

Flavor Version Tinstall Tcheck Ttotal Status Flags
r-devel-linux-x86_64-debian-clang 1.1.1 461.82 404.26 866.08 NOTE
r-devel-linux-x86_64-debian-gcc 1.1.1 342.43 337.89 680.32 NOTE
r-devel-linux-x86_64-fedora-clang 1.1.1 1292.07 NOTE
r-devel-linux-x86_64-fedora-gcc 1.1.1 1140.31 NOTE
r-devel-windows-x86_64-new-UL 1.1.1 592.00 592.00 1184.00 NOTE
r-devel-windows-x86_64-new-TK 1.1.1 NOTE
r-devel-windows-x86_64-old 1.1.1 576.00 371.00 947.00 NOTE
r-patched-linux-x86_64 1.1.1 415.51 430.51 846.02 NOTE
r-patched-solaris-x86 1.1.1 1108.50 NOTE
r-release-linux-x86_64 1.1.1 395.98 430.36 826.34 NOTE
r-release-macos-arm64 1.1.1 NOTE
r-release-macos-x86_64 1.1.1 NOTE
r-release-windows-ix86+x86_64 1.1.1 1078.00 679.00 1757.00 NOTE
r-oldrel-macos-x86_64 1.1.1 NOTE
r-oldrel-windows-ix86+x86_64 1.1.1 1071.00 692.00 1763.00 NOTE

Check Details

Version: 1.1.1
Check: for GNU extensions in Makefiles
Result: NOTE
    GNU make is a SystemRequirements.
Flavors: r-devel-linux-x86_64-debian-clang, r-devel-linux-x86_64-debian-gcc, r-devel-linux-x86_64-fedora-clang, r-devel-linux-x86_64-fedora-gcc, r-devel-windows-x86_64-new-UL, r-devel-windows-x86_64-new-TK, r-devel-windows-x86_64-old, r-patched-linux-x86_64, r-patched-solaris-x86, r-release-linux-x86_64, r-release-macos-arm64, r-release-macos-x86_64, r-release-windows-ix86+x86_64, r-oldrel-macos-x86_64, r-oldrel-windows-ix86+x86_64

Version: 1.1.1
Check: installed package size
Result: NOTE
     installed size is 29.4Mb
     sub-directories of 1Mb or more:
     R 1.6Mb
     doc 1.6Mb
     libs 25.1Mb
Flavors: r-devel-linux-x86_64-fedora-clang, r-devel-windows-x86_64-new-UL, r-devel-windows-x86_64-old, r-patched-solaris-x86, r-release-macos-arm64, r-release-macos-x86_64, r-release-windows-ix86+x86_64, r-oldrel-macos-x86_64, r-oldrel-windows-ix86+x86_64