CRAN Package Check Results for Package unjoin

Last updated on 2024-07-14 08:48:38 CEST.

Flavor Version Tinstall Tcheck Ttotal Status Flags
r-devel-linux-x86_64-debian-clang 0.1.0 3.38 42.31 45.69 NOTE
r-devel-linux-x86_64-debian-gcc 0.1.0 3.32 31.34 34.66 NOTE
r-devel-linux-x86_64-fedora-clang 0.1.0 57.30 NOTE
r-devel-linux-x86_64-fedora-gcc 0.1.0 53.71 NOTE
r-devel-windows-x86_64 0.1.0 6.00 50.00 56.00 NOTE
r-patched-linux-x86_64 0.1.0 4.18 39.68 43.86 NOTE
r-release-linux-x86_64 0.1.0 4.87 39.50 44.37 NOTE
r-release-macos-arm64 0.1.0 21.00 NOTE
r-release-macos-x86_64 0.1.0 31.00 NOTE
r-release-windows-x86_64 0.1.0 5.00 51.00 56.00 NOTE
r-oldrel-macos-arm64 0.1.0 22.00 NOTE
r-oldrel-macos-x86_64 0.1.0 31.00 NOTE
r-oldrel-windows-x86_64 0.1.0 6.00 55.00 61.00 NOTE

Check Details

Version: 0.1.0
Check: LazyData
Result: NOTE 'LazyData' is specified without a 'data' directory Flavors: r-devel-linux-x86_64-debian-clang, r-devel-linux-x86_64-debian-gcc, r-devel-linux-x86_64-fedora-clang, r-devel-linux-x86_64-fedora-gcc, r-devel-windows-x86_64, r-patched-linux-x86_64, r-release-linux-x86_64, r-release-macos-arm64, r-release-macos-x86_64, r-release-windows-x86_64, r-oldrel-macos-arm64, r-oldrel-macos-x86_64, r-oldrel-windows-x86_64