Last updated on 2023-03-28 01:53:22 CEST.
Flavor | Version | Tinstall | Tcheck | Ttotal | Status | Flags |
---|---|---|---|---|---|---|
r-devel-linux-x86_64-debian-clang | 0.4 | 5.12 | 42.24 | 47.36 | NOTE | |
r-devel-linux-x86_64-debian-gcc | 0.4 | 4.85 | 32.89 | 37.74 | NOTE | |
r-devel-linux-x86_64-fedora-clang | 0.4 | 61.20 | NOTE | |||
r-devel-linux-x86_64-fedora-gcc | 0.4 | 69.53 | NOTE | |||
r-patched-linux-x86_64 | 0.4 | 5.34 | 41.05 | 46.39 | NOTE | |
r-release-linux-x86_64 | 0.4 | 6.03 | 40.57 | 46.60 | NOTE | |
r-release-macos-arm64 | 0.4 | 23.00 | NOTE | |||
r-release-macos-x86_64 | 0.4 | 33.00 | NOTE | |||
r-release-windows-x86_64 | 0.4 | 15.00 | 79.00 | 94.00 | NOTE | |
r-oldrel-macos-arm64 | 0.4 | 29.00 | NOTE | |||
r-oldrel-macos-x86_64 | 0.4 | 46.00 | NOTE | |||
r-oldrel-windows-ix86+x86_64 | 0.4 | 14.00 | 77.00 | 91.00 | NOTE |
Version: 0.4
Check: LazyData
Result: NOTE
'LazyData' is specified without a 'data' directory
Flavors: r-devel-linux-x86_64-debian-clang, r-devel-linux-x86_64-debian-gcc, r-devel-linux-x86_64-fedora-clang, r-devel-linux-x86_64-fedora-gcc, r-patched-linux-x86_64, r-release-linux-x86_64, r-release-macos-arm64, r-release-macos-x86_64, r-release-windows-x86_64, r-oldrel-macos-arm64, r-oldrel-macos-x86_64, r-oldrel-windows-ix86+x86_64