CRAN Package Check Results for Package unheadr

Last updated on 2021-06-23 03:50:53 CEST.

Flavor Version Tinstall Tcheck Ttotal Status Flags
r-devel-linux-x86_64-debian-clang 0.3.2 2.32 38.51 40.83 OK
r-devel-linux-x86_64-debian-gcc 0.3.2 2.11 30.16 32.27 OK
r-devel-linux-x86_64-fedora-clang 0.3.2 59.21 OK
r-devel-linux-x86_64-fedora-gcc 0.3.2 49.83 OK
r-devel-windows-x86_64 0.3.2 5.00 61.00 66.00 OK
r-devel-windows-x86_64-gcc10-UCRT 0.3.2 NOTE
r-patched-linux-x86_64 0.3.2 3.10 37.01 40.11 OK
r-patched-solaris-x86 0.3.2 72.90 OK
r-release-linux-x86_64 0.3.2 2.65 37.29 39.94 OK
r-release-macos-arm64 0.3.2 OK
r-release-macos-x86_64 0.3.2 OK
r-release-windows-ix86+x86_64 0.3.2 6.00 52.00 58.00 OK
r-oldrel-macos-x86_64 0.3.2 OK

Check Details

Version: 0.3.2
Check: package dependencies
Result: NOTE
    Package suggested but not available for checking: 'covr'
Flavor: r-devel-windows-x86_64-gcc10-UCRT