CRAN Package Check Results for Package understandBPMN

Last updated on 2019-08-24 07:47:35 CEST.

Flavor Version Tinstall Tcheck Ttotal Status Flags
r-devel-linux-x86_64-debian-clang 1.1.0 33.70 80.20 113.90 NOTE
r-devel-linux-x86_64-debian-gcc 1.1.0 28.77 58.98 87.75 NOTE
r-devel-linux-x86_64-fedora-clang 1.1.0 146.01 NOTE
r-devel-linux-x86_64-fedora-gcc 1.1.0 149.48 NOTE
r-devel-windows-ix86+x86_64 1.1.0 67.00 133.00 200.00 NOTE
r-patched-linux-x86_64 1.1.0 33.70 77.22 110.92 NOTE
r-patched-solaris-x86 1.1.0 172.60 NOTE
r-release-linux-x86_64 1.1.0 32.49 78.42 110.91 NOTE
r-release-windows-ix86+x86_64 1.1.0 98.00 189.00 287.00 NOTE
r-release-osx-x86_64 1.1.0 OK
r-oldrel-windows-ix86+x86_64 1.1.0 77.00 192.00 269.00 NOTE
r-oldrel-osx-x86_64 1.1.0 OK

Check Details

Version: 1.1.0
Check: dependencies in R code
Result: NOTE
    Missing or unexported object: 'devtools::use_data'
Flavors: r-devel-linux-x86_64-debian-clang, r-devel-linux-x86_64-debian-gcc, r-devel-linux-x86_64-fedora-clang, r-devel-linux-x86_64-fedora-gcc, r-devel-windows-ix86+x86_64, r-patched-linux-x86_64, r-patched-solaris-x86, r-release-linux-x86_64, r-release-windows-ix86+x86_64, r-oldrel-windows-ix86+x86_64