CRAN Package Check Results for Package unbalanced

Last updated on 2020-07-04 17:48:20 CEST.

Flavor Version Tinstall Tcheck Ttotal Status Flags
r-devel-linux-x86_64-debian-clang 2.0 9.10 137.09 146.19 NOTE
r-devel-linux-x86_64-debian-gcc 2.0 9.21 107.40 116.61 NOTE
r-devel-linux-x86_64-fedora-clang 2.0 180.25 NOTE
r-devel-linux-x86_64-fedora-gcc 2.0 178.30 NOTE
r-devel-windows-ix86+x86_64 2.0 38.00 159.00 197.00 NOTE
r-patched-linux-x86_64 2.0 10.43 134.02 144.45 NOTE
r-patched-solaris-x86 2.0 252.50 NOTE
r-release-linux-x86_64 2.0 10.14 133.50 143.64 NOTE
r-release-osx-x86_64 2.0 NOTE
r-release-windows-ix86+x86_64 2.0 23.00 161.00 184.00 NOTE
r-oldrel-osx-x86_64 2.0 NOTE
r-oldrel-windows-ix86+x86_64 2.0 29.00 201.00 230.00 NOTE

Check Details

Version: 2.0
Check: R code for possible problems
Result: NOTE
    ubRacing : predCandidate: no visible global function definition for
     'predict'
    ubRacing : aux2.friedman.edit: no visible global function definition
     for 'pchisq'
    ubRacing : aux2.friedman.edit: no visible global function definition
     for 'qt'
    ubRacing : aux.friedman.edit: no visible global function definition for
     'wilcox.test'
    ubRacing : aux.ttest.edit: no visible global function definition for
     't.test'
    ubRacing : aux.ttest.edit: no visible global function definition for
     'p.adjust'
    ubRacing : idFolds: no visible global function definition for
     'quantile'
    ubRacing: no visible binding for global variable 'sd'
    ubSmoteExs: no visible global function definition for 'runif'
    Undefined global functions or variables:
     p.adjust pchisq predict qt quantile runif sd t.test wilcox.test
    Consider adding
     importFrom("stats", "p.adjust", "pchisq", "predict", "qt", "quantile",
     "runif", "sd", "t.test", "wilcox.test")
    to your NAMESPACE file.
Flavors: r-devel-linux-x86_64-debian-clang, r-devel-linux-x86_64-debian-gcc, r-devel-linux-x86_64-fedora-clang, r-devel-linux-x86_64-fedora-gcc, r-devel-windows-ix86+x86_64, r-patched-linux-x86_64, r-patched-solaris-x86, r-release-linux-x86_64, r-release-osx-x86_64, r-release-windows-ix86+x86_64, r-oldrel-osx-x86_64, r-oldrel-windows-ix86+x86_64