Last updated on 2025-01-25 05:48:41 CET.
Flavor | Version | Tinstall | Tcheck | Ttotal | Status | Flags |
---|---|---|---|---|---|---|
r-devel-linux-x86_64-debian-clang | 4.21.0 | 34.76 | 1026.86 | 1061.62 | OK | |
r-devel-linux-x86_64-debian-gcc | 4.21.0 | 22.88 | 581.70 | 604.58 | OK | |
r-devel-linux-x86_64-fedora-clang | 4.21.0 | 1363.36 | NOTE | |||
r-devel-linux-x86_64-fedora-gcc | 4.21.0 | 1285.44 | NOTE | |||
r-devel-windows-x86_64 | 4.21.0 | 38.00 | 802.00 | 840.00 | OK | |
r-patched-linux-x86_64 | 4.21.0 | 55.75 | 777.75 | 833.50 | OK | |
r-release-linux-x86_64 | 4.21.0 | 32.78 | 766.84 | 799.62 | OK | |
r-release-macos-arm64 | 4.21.0 | 359.00 | NOTE | |||
r-release-macos-x86_64 | 4.21.0 | 588.00 | NOTE | |||
r-release-windows-x86_64 | 4.21.0 | 37.00 | 791.00 | 828.00 | NOTE | |
r-oldrel-macos-arm64 | 4.21.0 | 376.00 | NOTE | |||
r-oldrel-macos-x86_64 | 4.21.0 | 583.00 | NOTE | |||
r-oldrel-windows-x86_64 | 4.21.0 | 50.00 | 1024.00 | 1074.00 | NOTE |
Version: 4.21.0
Check: dependencies in R code
Result: NOTE
Namespaces in Imports field not imported from:
‘foreign’ ‘psychTools’ ‘pwr’ ‘rmarkdown’
All declared Imports should be used.
Flavors: r-devel-linux-x86_64-fedora-clang, r-devel-linux-x86_64-fedora-gcc
Version: 4.21.0
Check: installed package size
Result: NOTE
installed size is 5.9Mb
sub-directories of 1Mb or more:
R 1.0Mb
help 4.4Mb
Flavors: r-release-macos-arm64, r-release-macos-x86_64, r-release-windows-x86_64, r-oldrel-macos-arm64, r-oldrel-macos-x86_64, r-oldrel-windows-x86_64