Last updated on 2022-08-12 13:56:57 CEST.
Flavor | Version | Tinstall | Tcheck | Ttotal | Status | Flags |
---|---|---|---|---|---|---|
r-devel-linux-x86_64-debian-clang | 0.3.0 | 18.77 | 31.38 | 50.15 | NOTE | |
r-devel-linux-x86_64-debian-gcc | 0.3.0 | 16.11 | 24.37 | 40.48 | NOTE | |
r-devel-linux-x86_64-fedora-clang | 0.3.0 | 78.63 | NOTE | |||
r-devel-linux-x86_64-fedora-gcc | 0.3.0 | 79.80 | NOTE | |||
r-devel-windows-x86_64 | 0.3.0 | 28.00 | 77.00 | 105.00 | NOTE | |
r-patched-linux-x86_64 | 0.3.0 | 19.34 | 30.08 | 49.42 | OK | |
r-release-linux-x86_64 | 0.3.0 | 18.01 | 30.32 | 48.33 | OK | |
r-release-macos-arm64 | 0.3.0 | 25.00 | OK | |||
r-release-macos-x86_64 | 0.3.0 | 32.00 | OK | |||
r-release-windows-x86_64 | 0.3.0 | 27.00 | 80.00 | 107.00 | OK | |
r-oldrel-macos-arm64 | 0.3.0 | 30.00 | OK | |||
r-oldrel-macos-x86_64 | 0.3.0 | 44.00 | OK | |||
r-oldrel-windows-ix86+x86_64 | 0.3.0 | 50.00 | 77.00 | 127.00 | OK |
Version: 0.3.0
Check: package subdirectories
Result: NOTE
Problems with news in 'NEWS.md':
No news entries found.
Flavors: r-devel-linux-x86_64-debian-clang, r-devel-linux-x86_64-debian-gcc, r-devel-linux-x86_64-fedora-clang, r-devel-linux-x86_64-fedora-gcc, r-devel-windows-x86_64