CRAN Package Check Results for Package ufs

Last updated on 2019-10-22 17:49:36 CEST.

Flavor Version Tinstall Tcheck Ttotal Status Flags
r-devel-linux-x86_64-debian-clang 0.3.1 10.36 87.66 98.02 OK
r-devel-linux-x86_64-debian-gcc 0.3.1 8.10 67.44 75.54 OK
r-devel-linux-x86_64-fedora-clang 0.3.1 115.87 NOTE
r-devel-linux-x86_64-fedora-gcc 0.3.1 119.92 NOTE
r-devel-windows-ix86+x86_64 0.3.1 22.00 154.00 176.00 OK
r-patched-linux-x86_64 0.3.1 9.29 86.23 95.52 OK
r-patched-solaris-x86 0.3.1 154.50 NOTE
r-release-linux-x86_64 0.3.1 9.99 87.14 97.13 OK
r-release-windows-ix86+x86_64 0.3.1 24.00 110.00 134.00 OK
r-release-osx-x86_64 0.3.1 NOTE
r-oldrel-windows-ix86+x86_64 0.3.1 18.00 145.00 163.00 OK
r-oldrel-osx-x86_64 0.3.1 NOTE

Check Details

Version: 0.3.1
Check: dependencies in R code
Result: NOTE
    Namespace in Imports field not imported from: ‘viridis’
     All declared Imports should be used.
Flavors: r-devel-linux-x86_64-fedora-clang, r-devel-linux-x86_64-fedora-gcc, r-patched-solaris-x86, r-release-osx-x86_64, r-oldrel-osx-x86_64