CRAN Package Check Results for Package ufs

Last updated on 2021-06-20 11:51:39 CEST.

Flavor Version Tinstall Tcheck Ttotal Status Flags
r-devel-linux-x86_64-debian-clang 0.4.3 17.99 107.69 125.68 OK
r-devel-linux-x86_64-debian-gcc 0.4.3 10.59 78.67 89.26 OK
r-devel-linux-x86_64-fedora-clang 0.4.3 153.36 OK
r-devel-linux-x86_64-fedora-gcc 0.4.3 144.95 ERROR
r-devel-windows-x86_64 0.4.3 23.00 135.00 158.00 OK
r-devel-windows-x86_64-gcc10-UCRT 0.4.3 ERROR
r-patched-linux-x86_64 0.4.3 21.26 102.49 123.75 OK
r-patched-solaris-x86 0.4.3 161.70 OK
r-release-linux-x86_64 0.4.3 13.37 101.78 115.15 OK
r-release-macos-arm64 0.4.3 OK
r-release-macos-x86_64 0.4.3 OK
r-release-windows-ix86+x86_64 0.4.3 24.00 137.00 161.00 OK
r-oldrel-macos-x86_64 0.4.3 OK
r-oldrel-windows-ix86+x86_64 0.4.3 18.00 125.00 143.00 OK

Additional issues

M1mac

Check Details

Version: 0.4.3
Check: examples
Result: ERROR
    Running examples in ‘ufs-Ex.R’ failed
    The error most likely occurred in:
    
    > ### Name: ggSave
    > ### Title: Save a ggplot with specific defaults
    > ### Aliases: ggSave
    >
    > ### ** Examples
    >
    > plot <- ufs::ggBoxplot(mtcars, 'mpg');
    > ggSave(file=tempfile(fileext=".png"), plot=plot);
    Error in png_dev(..., res = dpi, units = "in") :
     unused argument (type = "cairo-png")
    Calls: ggSave -> <Anonymous> -> dev
    Execution halted
Flavor: r-devel-linux-x86_64-fedora-gcc

Version: 0.4.3
Check: package dependencies
Result: ERROR
    Package required but not available: 'kableExtra'
    
    Packages suggested but not available for checking: 'car', 'rio'
    
    See section 'The DESCRIPTION file' in the 'Writing R Extensions'
    manual.
Flavor: r-devel-windows-x86_64-gcc10-UCRT