CRAN Package Check Results for Package ufs

Last updated on 2020-06-04 15:49:26 CEST.

Flavor Version Tinstall Tcheck Ttotal Status Flags
r-devel-linux-x86_64-debian-clang 0.3.1 11.72 95.66 107.38 OK
r-devel-linux-x86_64-debian-gcc 0.3.1 9.81 71.77 81.58 OK
r-devel-linux-x86_64-fedora-clang 0.3.1 135.15 NOTE
r-devel-linux-x86_64-fedora-gcc 0.3.1 124.25 NOTE
r-devel-windows-ix86+x86_64 0.3.1 31.00 148.00 179.00 OK
r-patched-linux-x86_64 0.3.1 11.63 94.99 106.62 OK
r-patched-solaris-x86 0.3.1 164.70 NOTE
r-release-linux-x86_64 0.3.1 10.83 94.83 105.66 OK
r-release-osx-x86_64 0.3.1 NOTE
r-release-windows-ix86+x86_64 0.3.1 20.00 100.00 120.00 OK
r-oldrel-osx-x86_64 0.3.1 NOTE
r-oldrel-windows-ix86+x86_64 0.3.1 29.00 106.00 135.00 OK

Check Details

Version: 0.3.1
Check: dependencies in R code
Result: NOTE
    Namespace in Imports field not imported from: ‘viridis’
     All declared Imports should be used.
Flavors: r-devel-linux-x86_64-fedora-clang, r-devel-linux-x86_64-fedora-gcc, r-patched-solaris-x86, r-release-osx-x86_64, r-oldrel-osx-x86_64