Last updated on 2023-12-02 05:50:12 CET.
Flavor | Version | Tinstall | Tcheck | Ttotal | Status | Flags |
---|---|---|---|---|---|---|
r-devel-linux-x86_64-debian-clang | 0.5.10 | 17.60 | 133.29 | 150.89 | NOTE | |
r-devel-linux-x86_64-debian-gcc | 0.5.10 | 12.63 | 97.99 | 110.62 | NOTE | |
r-devel-linux-x86_64-fedora-clang | 0.5.10 | 200.91 | OK | |||
r-devel-linux-x86_64-fedora-gcc | 0.5.10 | 188.45 | OK | |||
r-devel-windows-x86_64 | 0.5.10 | 17.00 | 143.00 | 160.00 | OK | |
r-patched-linux-x86_64 | 0.5.10 | 25.00 | 128.63 | 153.63 | OK | |
r-release-linux-x86_64 | 0.5.10 | 15.18 | 127.46 | 142.64 | OK | |
r-release-macos-arm64 | 0.5.10 | 62.00 | OK | |||
r-release-macos-x86_64 | 0.5.10 | 153.00 | OK | |||
r-release-windows-x86_64 | 0.5.10 | 23.00 | 168.00 | 191.00 | OK | |
r-oldrel-macos-arm64 | 0.5.10 | 60.00 | OK | |||
r-oldrel-macos-x86_64 | 0.5.10 | 76.00 | OK | |||
r-oldrel-windows-x86_64 | 0.5.10 | 22.00 | 154.00 | 176.00 | OK |
Version: 0.5.10
Check: Rd files
Result: NOTE
checkRd: (-1) ggSave.Rd:39: Lost braces; missing escapes or markup?
39 | to \code{\link[ggplot2:ggsave]{ggplot2::ggsave()}}. This is prevented by default since {gglot} switched
| ^
Flavors: r-devel-linux-x86_64-debian-clang, r-devel-linux-x86_64-debian-gcc