CRAN Package Check Results for Package ufs

Last updated on 2020-10-27 20:47:54 CET.

Flavor Version Tinstall Tcheck Ttotal Status Flags
r-devel-linux-x86_64-debian-clang 0.3.2 14.28 103.13 117.41 OK
r-devel-linux-x86_64-debian-gcc 0.3.2 11.00 76.34 87.34 OK
r-devel-linux-x86_64-fedora-clang 0.3.2 147.70 NOTE
r-devel-linux-x86_64-fedora-gcc 0.3.2 143.82 NOTE
r-devel-windows-ix86+x86_64 0.3.2 24.00 110.00 134.00 OK
r-patched-linux-x86_64 0.3.2 OK
r-patched-solaris-x86 0.3.2 166.30 NOTE
r-release-linux-x86_64 0.3.2 13.88 96.73 110.61 OK
r-release-macos-x86_64 0.3.2 NOTE
r-release-windows-ix86+x86_64 0.3.2 18.00 92.00 110.00 OK
r-oldrel-macos-x86_64 0.3.2 NOTE
r-oldrel-windows-ix86+x86_64 0.3.2 21.00 132.00 153.00 NOTE

Check Details

Version: 0.3.2
Check: dependencies in R code
Result: NOTE
    Namespace in Imports field not imported from: ‘viridis’
     All declared Imports should be used.
Flavors: r-devel-linux-x86_64-fedora-clang, r-devel-linux-x86_64-fedora-gcc, r-patched-solaris-x86, r-release-macos-x86_64, r-oldrel-macos-x86_64

Version: 0.3.2
Check: Rd cross-references
Result: NOTE
    Undeclared package ‘behaviorchange’ in Rd xrefs
Flavor: r-devel-linux-x86_64-fedora-clang

Version: 0.3.2
Check: R code for possible problems
Result: NOTE
    biDimColors: no visible global function definition for ‘plot’
    uniDimColors: no visible global function definition for ‘plot’
    Undefined global functions or variables:
     plot
    Consider adding
     importFrom("graphics", "plot")
    to your NAMESPACE file.
Flavors: r-oldrel-macos-x86_64, r-oldrel-windows-ix86+x86_64