CRAN Package Check Results for Package ucminf

Last updated on 2020-08-03 20:47:14 CEST.

Flavor Version Tinstall Tcheck Ttotal Status Flags
r-devel-linux-x86_64-debian-clang 1.1-4 2.82 21.22 24.04 OK
r-devel-linux-x86_64-debian-gcc 1.1-4 2.02 16.63 18.65 OK
r-devel-linux-x86_64-fedora-clang 1.1-4 38.12 NOTE
r-devel-linux-x86_64-fedora-gcc 1.1-4 28.31 NOTE
r-devel-windows-ix86+x86_64 1.1-4 12.00 38.00 50.00 OK
r-patched-linux-x86_64 1.1-4 2.46 21.00 23.46 OK
r-patched-solaris-x86 1.1-4 42.30 OK
r-release-linux-x86_64 1.1-4 2.38 20.76 23.14 OK
r-release-macos-x86_64 1.1-4 OK
r-release-windows-ix86+x86_64 1.1-4 9.00 63.00 72.00 OK
r-oldrel-macos-x86_64 1.1-4 OK
r-oldrel-windows-ix86+x86_64 1.1-4 14.00 46.00 60.00 OK

Additional issues

rchk

Check Details

Version: 1.1-4
Check: compiled code
Result: NOTE
    File ‘ucminf/libs/ucminf.so’:
     Found no calls to: ‘R_registerRoutines’, ‘R_useDynamicSymbols’
    
    It is good practice to register native routines and to disable symbol
    search.
    
    See ‘Writing portable packages’ in the ‘Writing R Extensions’ manual.
Flavors: r-devel-linux-x86_64-fedora-clang, r-devel-linux-x86_64-fedora-gcc