Last updated on 2023-03-26 12:03:34 CEST.
Flavor | Version | Tinstall | Tcheck | Ttotal | Status | Flags |
---|---|---|---|---|---|---|
r-devel-linux-x86_64-debian-clang | 1.1.1 | 8.78 | 24.93 | 33.71 | NOTE | |
r-devel-linux-x86_64-debian-gcc | 1.1.1 | 6.02 | 20.23 | 26.25 | NOTE | |
r-devel-linux-x86_64-fedora-clang | 1.1.1 | 46.66 | NOTE | |||
r-devel-linux-x86_64-fedora-gcc | 1.1.1 | 52.93 | NOTE | |||
r-patched-linux-x86_64 | 1.1.1 | 7.35 | 24.72 | 32.07 | NOTE | |
r-release-linux-x86_64 | 1.1.1 | 6.95 | 26.14 | 33.09 | NOTE | |
r-release-macos-arm64 | 1.1.1 | 23.00 | NOTE | |||
r-release-macos-x86_64 | 1.1.1 | 30.00 | NOTE | |||
r-release-windows-x86_64 | 1.1.1 | 141.00 | 86.00 | 227.00 | NOTE | |
r-oldrel-macos-arm64 | 1.1.1 | 26.00 | NOTE | |||
r-oldrel-macos-x86_64 | 1.1.1 | 35.00 | NOTE | |||
r-oldrel-windows-ix86+x86_64 | 1.1.1 | 32.00 | 71.00 | 103.00 | NOTE |
Version: 1.1.1
Check: C++ specification
Result: NOTE
Specified C++11: please drop specification unless essential
Flavors: r-devel-linux-x86_64-debian-clang, r-devel-linux-x86_64-debian-gcc, r-devel-linux-x86_64-fedora-clang, r-devel-linux-x86_64-fedora-gcc, r-patched-linux-x86_64
Version: 1.1.1
Check: for GNU extensions in Makefiles
Result: NOTE
GNU make is a SystemRequirements.
Flavors: r-devel-linux-x86_64-debian-clang, r-devel-linux-x86_64-debian-gcc, r-devel-linux-x86_64-fedora-clang, r-devel-linux-x86_64-fedora-gcc, r-patched-linux-x86_64, r-release-linux-x86_64, r-release-macos-arm64, r-release-macos-x86_64, r-release-windows-x86_64, r-oldrel-macos-arm64, r-oldrel-macos-x86_64, r-oldrel-windows-ix86+x86_64