Last updated on 2023-03-22 06:55:52 CET.
Flavor | Version | Tinstall | Tcheck | Ttotal | Status | Flags |
---|---|---|---|---|---|---|
r-devel-linux-x86_64-debian-clang | 0.3.5 | 4.84 | 40.91 | 45.75 | NOTE | |
r-devel-linux-x86_64-debian-gcc | 0.3.5 | 3.66 | 32.35 | 36.01 | NOTE | |
r-devel-linux-x86_64-fedora-clang | 0.3.5 | 57.52 | NOTE | |||
r-devel-linux-x86_64-fedora-gcc | 0.3.5 | 54.74 | NOTE | |||
r-patched-linux-x86_64 | 0.3.5 | 4.35 | 40.38 | 44.73 | OK | |
r-release-linux-x86_64 | 0.3.5 | 4.54 | 40.19 | 44.73 | OK | |
r-release-macos-arm64 | 0.3.5 | 17.00 | OK | |||
r-release-macos-x86_64 | 0.3.5 | 28.00 | OK | |||
r-release-windows-x86_64 | 0.3.5 | 14.00 | 68.00 | 82.00 | OK | |
r-oldrel-macos-arm64 | 0.3.5 | 27.00 | OK | |||
r-oldrel-macos-x86_64 | 0.3.5 | 34.00 | OK | |||
r-oldrel-windows-ix86+x86_64 | 0.3.5 | 17.00 | 77.00 | 94.00 | NOTE |
Version: 0.3.5
Check: package subdirectories
Result: NOTE
Problems with news in ‘NEWS.md’:
No news entries found.
Flavors: r-devel-linux-x86_64-debian-clang, r-devel-linux-x86_64-debian-gcc, r-devel-linux-x86_64-fedora-clang, r-devel-linux-x86_64-fedora-gcc
Version: 0.3.5
Check: R code for possible problems
Result: NOTE
Initiating curl with CURL_SSL_BACKEND: openssl
Flavor: r-oldrel-windows-ix86+x86_64