CRAN Package Check Results for Package tzdb

Last updated on 2024-07-22 21:56:41 CEST.

Flavor Version Tinstall Tcheck Ttotal Status Flags
r-devel-linux-x86_64-debian-clang 0.4.0 26.58 23.94 50.52 NOTE
r-devel-linux-x86_64-debian-gcc 0.4.0 18.64 18.46 37.10 NOTE
r-devel-linux-x86_64-fedora-clang 0.4.0 78.97 NOTE
r-devel-linux-x86_64-fedora-gcc 0.4.0 74.25 NOTE
r-devel-windows-x86_64 0.4.0 27.00 59.00 86.00 NOTE
r-patched-linux-x86_64 0.4.0 22.19 22.74 44.93 OK
r-release-linux-x86_64 0.4.0 24.23 22.33 46.56 OK
r-release-macos-arm64 0.4.0 22.00 OK
r-release-macos-x86_64 0.4.0 44.00 OK
r-release-windows-x86_64 0.4.0 30.00 56.00 86.00 OK
r-oldrel-macos-arm64 0.4.0 24.00 OK
r-oldrel-macos-x86_64 0.4.0 52.00 OK
r-oldrel-windows-x86_64 0.4.0 27.00 67.00 94.00 OK

Check Details

Version: 0.4.0
Check: compiled code
Result: NOTE File ‘tzdb/libs/tzdb.so’: Found non-API calls to R: ‘SETLENGTH’, ‘SET_GROWABLE_BIT’, ‘SET_TRUELENGTH’ Compiled code should not call non-API entry points in R. See ‘Writing portable packages’ in the ‘Writing R Extensions’ manual, and section ‘Moving into C API compliance’ for issues with the use of non-API entry points. Flavors: r-devel-linux-x86_64-debian-clang, r-devel-linux-x86_64-debian-gcc, r-devel-linux-x86_64-fedora-clang, r-devel-linux-x86_64-fedora-gcc

Version: 0.4.0
Check: compiled code
Result: NOTE File 'tzdb/libs/x64/tzdb.dll': Found non-API calls to R: 'SETLENGTH', 'SET_GROWABLE_BIT', 'SET_TRUELENGTH' Compiled code should not call non-API entry points in R. See 'Writing portable packages' in the 'Writing R Extensions' manual, and section 'Moving into C API compliance' for issues with the use of non-API entry points. Flavor: r-devel-windows-x86_64