CRAN Package Check Results for Package twoway

Last updated on 2024-04-16 14:49:41 CEST.

Flavor Version Tinstall Tcheck Ttotal Status Flags
r-devel-linux-x86_64-debian-clang 0.6.3 2.47 26.53 29.00 NOTE
r-devel-linux-x86_64-debian-gcc 0.6.3 2.00 20.42 22.42 NOTE
r-devel-linux-x86_64-fedora-clang 0.6.3 36.64 NOTE
r-devel-linux-x86_64-fedora-gcc 0.6.3 35.06 NOTE
r-prerel-macos-arm64 0.6.3 15.00 NOTE
r-prerel-windows-x86_64 0.6.3 5.00 45.00 50.00 NOTE
r-patched-linux-x86_64 0.6.3 2.34 25.63 27.97 NOTE
r-release-linux-x86_64 0.6.3 2.83 25.82 28.65 OK
r-release-macos-arm64 0.6.3 15.00 OK
r-release-macos-x86_64 0.6.3 22.00 OK
r-release-windows-x86_64 0.6.3 5.00 47.00 52.00 OK
r-oldrel-macos-arm64 0.6.3 17.00 OK
r-oldrel-windows-x86_64 0.6.3 7.00 45.00 52.00 OK

Check Details

Version: 0.6.3
Check: Rd files
Result: NOTE checkRd: (-1) twoway.Rd:66: Lost braces 66 | code{\link{twoway.formula}}, code{\link[stats]{medpolish}} | ^ checkRd: (-1) twoway.Rd:66: Lost braces 66 | code{\link{twoway.formula}}, code{\link[stats]{medpolish}} | ^ Flavors: r-devel-linux-x86_64-debian-clang, r-devel-linux-x86_64-debian-gcc, r-devel-linux-x86_64-fedora-clang, r-devel-linux-x86_64-fedora-gcc, r-prerel-macos-arm64, r-prerel-windows-x86_64, r-patched-linux-x86_64