CRAN Package Check Results for Package twitterwidget

Last updated on 2022-05-17 02:53:23 CEST.

Flavor Version Tinstall Tcheck Ttotal Status Flags
r-devel-linux-x86_64-debian-clang 0.1.1 1.81 36.68 38.49 NOTE
r-devel-linux-x86_64-debian-gcc 0.1.1 2.01 28.15 30.16 NOTE
r-devel-linux-x86_64-fedora-clang 0.1.1 47.65 NOTE
r-devel-linux-x86_64-fedora-gcc 0.1.1 44.98 NOTE
r-devel-windows-x86_64 0.1.1 18.00 57.00 75.00 NOTE
r-patched-linux-x86_64 0.1.1 2.67 34.57 37.24 NOTE
r-release-linux-x86_64 0.1.1 2.47 34.71 37.18 NOTE
r-release-macos-arm64 0.1.1 19.00 NOTE
r-release-macos-x86_64 0.1.1 23.00 NOTE
r-release-windows-x86_64 0.1.1 22.00 58.00 80.00 NOTE
r-oldrel-macos-arm64 0.1.1 22.00 NOTE
r-oldrel-macos-x86_64 0.1.1 27.00 NOTE
r-oldrel-windows-ix86+x86_64 0.1.1 8.00 45.00 53.00 NOTE

Check Details

Version: 0.1.1
Check: LazyData
Result: NOTE
     'LazyData' is specified without a 'data' directory
Flavors: r-devel-linux-x86_64-debian-clang, r-devel-linux-x86_64-debian-gcc, r-devel-linux-x86_64-fedora-clang, r-devel-linux-x86_64-fedora-gcc, r-devel-windows-x86_64, r-patched-linux-x86_64, r-release-linux-x86_64, r-release-macos-arm64, r-release-macos-x86_64, r-release-windows-x86_64, r-oldrel-macos-arm64, r-oldrel-macos-x86_64, r-oldrel-windows-ix86+x86_64