Last updated on 2023-03-27 06:50:24 CEST.
Flavor | Version | Tinstall | Tcheck | Ttotal | Status | Flags |
---|---|---|---|---|---|---|
r-devel-linux-x86_64-debian-clang | 0.1.0 | 2.33 | 32.43 | 34.76 | OK | |
r-devel-linux-x86_64-debian-gcc | 0.1.0 | 2.00 | 25.39 | 27.39 | OK | |
r-devel-linux-x86_64-fedora-clang | 0.1.0 | 43.75 | OK | |||
r-devel-linux-x86_64-fedora-gcc | 0.1.0 | 42.11 | OK | |||
r-patched-linux-x86_64 | 0.1.0 | 2.57 | 31.06 | 33.63 | OK | |
r-release-linux-x86_64 | 0.1.0 | 2.43 | 31.90 | 34.33 | OK | |
r-release-macos-arm64 | 0.1.0 | 17.00 | OK | |||
r-release-macos-x86_64 | 0.1.0 | 24.00 | OK | |||
r-release-windows-x86_64 | 0.1.0 | 16.00 | 62.00 | 78.00 | OK | |
r-oldrel-macos-arm64 | 0.1.0 | 22.00 | OK | |||
r-oldrel-macos-x86_64 | 0.1.0 | 29.00 | OK | |||
r-oldrel-windows-ix86+x86_64 | 0.1.0 | 10.00 | 74.00 | 84.00 | NOTE |
Version: 0.1.0
Check: R code for possible problems
Result: NOTE
Initiating curl with CURL_SSL_BACKEND: openssl
Flavor: r-oldrel-windows-ix86+x86_64