Last updated on 2023-12-06 16:53:30 CET.
Flavor | Version | Tinstall | Tcheck | Ttotal | Status | Flags |
---|---|---|---|---|---|---|
r-devel-linux-x86_64-debian-clang | 2.0.2 | 34.90 | 46.27 | 81.17 | NOTE | |
r-devel-linux-x86_64-debian-gcc | 2.0.2 | 30.71 | 37.05 | 67.76 | NOTE | |
r-devel-linux-x86_64-fedora-clang | 2.0.2 | 110.87 | NOTE | |||
r-devel-linux-x86_64-fedora-gcc | 2.0.2 | 118.96 | NOTE | |||
r-devel-windows-x86_64 | 2.0.2 | 34.00 | 73.00 | 107.00 | NOTE | |
r-patched-linux-x86_64 | 2.0.2 | 38.70 | 45.58 | 84.28 | NOTE | |
r-release-linux-x86_64 | 2.0.2 | 36.11 | 45.18 | 81.29 | NOTE | |
r-release-macos-arm64 | 2.0.2 | 35.00 | NOTE | |||
r-release-macos-x86_64 | 2.0.2 | 47.00 | NOTE | |||
r-release-windows-x86_64 | 2.0.2 | 42.00 | 80.00 | 122.00 | NOTE | |
r-oldrel-macos-arm64 | 2.0.2 | 28.00 | OK | |||
r-oldrel-macos-x86_64 | 2.0.2 | 41.00 | OK | |||
r-oldrel-windows-x86_64 | 2.0.2 | 38.00 | 71.00 | 109.00 | OK |
Version: 2.0.2
Check: C++ specification
Result: NOTE
Specified C++11: please drop specification unless essential
Flavors: r-devel-linux-x86_64-debian-clang, r-devel-linux-x86_64-debian-gcc, r-devel-linux-x86_64-fedora-clang, r-devel-linux-x86_64-fedora-gcc, r-devel-windows-x86_64, r-patched-linux-x86_64, r-release-linux-x86_64, r-release-macos-arm64, r-release-macos-x86_64, r-release-windows-x86_64