CRAN Package Check Results for Package twangRDC

Last updated on 2022-08-17 23:13:10 CEST.

Flavor Version Tinstall Tcheck Ttotal Status Flags
r-devel-linux-x86_64-debian-clang 1.0 11.74 700.51 712.25 OK
r-devel-linux-x86_64-debian-gcc 1.0 OK
r-devel-linux-x86_64-fedora-clang 1.0 808.90 NOTE
r-devel-linux-x86_64-fedora-gcc 1.0 1125.39 OK
r-devel-windows-x86_64 1.0 19.00 442.00 461.00 OK
r-patched-linux-x86_64 1.0 14.96 959.13 974.09 OK
r-release-linux-x86_64 1.0 10.81 967.35 978.16 OK
r-release-macos-arm64 1.0 287.00 OK
r-release-macos-x86_64 1.0 459.00 OK
r-release-windows-x86_64 1.0 16.00 452.00 468.00 OK
r-oldrel-macos-arm64 1.0 249.00 OK
r-oldrel-macos-x86_64 1.0 237.00 OK
r-oldrel-windows-ix86+x86_64 1.0 26.00 440.00 466.00 OK

Check Details

Version: 1.0
Check: Rd cross-references
Result: NOTE
    Undeclared package ‘twang’ in Rd xrefs
Flavor: r-devel-linux-x86_64-fedora-clang