Last updated on 2023-02-06 21:55:02 CET.
Flavor | Version | Tinstall | Tcheck | Ttotal | Status | Flags |
---|---|---|---|---|---|---|
r-devel-linux-x86_64-debian-clang | 1.0 | 10.02 | 690.78 | 700.80 | OK | |
r-devel-linux-x86_64-debian-gcc | 1.0 | 8.20 | 1095.28 | 1103.48 | OK | |
r-devel-linux-x86_64-fedora-clang | 1.0 | 796.27 | NOTE | |||
r-devel-linux-x86_64-fedora-gcc | 1.0 | 1110.32 | OK | |||
r-devel-windows-x86_64 | 1.0 | 28.00 | 452.00 | 480.00 | OK | |
r-patched-linux-x86_64 | 1.0 | 15.18 | 1128.41 | 1143.59 | OK | |
r-release-linux-x86_64 | 1.0 | 9.77 | 1144.55 | 1154.32 | OK | |
r-release-macos-arm64 | 1.0 | 287.00 | OK | |||
r-release-macos-x86_64 | 1.0 | 459.00 | OK | |||
r-release-windows-x86_64 | 1.0 | 16.00 | 469.00 | 485.00 | OK | |
r-oldrel-macos-arm64 | 1.0 | 249.00 | OK | |||
r-oldrel-macos-x86_64 | 1.0 | 237.00 | OK | |||
r-oldrel-windows-ix86+x86_64 | 1.0 | 27.00 | 454.00 | 481.00 | OK |
Version: 1.0
Check: Rd cross-references
Result: NOTE
Undeclared package ‘twang’ in Rd xrefs
Flavor: r-devel-linux-x86_64-fedora-clang