CRAN Package Check Results for Package tuneR

Last updated on 2020-07-08 10:50:56 CEST.

Flavor Version Tinstall Tcheck Ttotal Status Flags
r-devel-linux-x86_64-debian-clang 1.3.3 16.27 54.05 70.32 OK
r-devel-linux-x86_64-debian-gcc 1.3.3 11.40 42.14 53.54 OK
r-devel-linux-x86_64-fedora-clang 1.3.3 92.93 OK
r-devel-linux-x86_64-fedora-gcc 1.3.3 82.91 OK
r-devel-windows-ix86+x86_64 1.3.3 36.00 98.00 134.00 OK
r-patched-linux-x86_64 1.3.3 14.79 54.16 68.95 OK
r-patched-solaris-x86 1.3.3 106.90 OK
r-release-linux-x86_64 1.3.3 13.07 54.35 67.42 OK
r-release-osx-x86_64 1.3.3 WARN
r-release-windows-ix86+x86_64 1.3.3 37.00 81.00 118.00 OK
r-oldrel-osx-x86_64 1.3.3 OK
r-oldrel-windows-ix86+x86_64 1.3.3 34.00 123.00 157.00 OK

Additional issues

clang-UBSAN

Check Details

Version: 1.3.3
Check: whether package can be installed
Result: WARN
    Found the following significant warnings:
     frame.c:147:21: warning: result of comparison of constant 4 with expression of type 'enum mad_layer' is always false [-Wtautological-constant-out-of-range-compare]
Flavor: r-release-osx-x86_64