CRAN Package Check Results for Package tune

Last updated on 2022-01-24 02:51:17 CET.

Flavor Version Tinstall Tcheck Ttotal Status Flags
r-devel-linux-x86_64-debian-clang 0.1.6 23.67 173.47 197.14 OK
r-devel-linux-x86_64-debian-gcc 0.1.6 18.78 130.83 149.61 OK
r-devel-linux-x86_64-fedora-clang 0.1.6 239.60 NOTE
r-devel-linux-x86_64-fedora-gcc 0.1.6 223.93 OK
r-devel-windows-x86_64-new-UL 0.1.6 113.00 184.00 297.00 OK
r-devel-windows-x86_64-new-TK 0.1.6 OK
r-patched-linux-x86_64 0.1.6 24.90 165.65 190.55 OK
r-release-linux-x86_64 0.1.6 24.81 163.96 188.77 OK
r-release-macos-arm64 0.1.6 OK
r-release-macos-x86_64 0.1.6 OK
r-release-windows-ix86+x86_64 0.1.6 48.00 192.00 240.00 OK
r-oldrel-macos-x86_64 0.1.6 OK
r-oldrel-windows-ix86+x86_64 0.1.6 48.00 193.00 241.00 OK

Check Details

Version: 0.1.6
Check: package dependencies
Result: NOTE
    Imports includes 21 non-default packages.
    Importing from so many packages makes the package vulnerable to any of
    them becoming unavailable. Move as many as possible to Suggests and
    use conditionally.
Flavor: r-devel-linux-x86_64-fedora-clang