Last updated on 2023-06-06 17:01:00 CEST.
Flavor | Version | Tinstall | Tcheck | Ttotal | Status | Flags |
---|---|---|---|---|---|---|
r-devel-linux-x86_64-debian-clang | 1.1.1 | 23.78 | 183.47 | 207.25 | OK | |
r-devel-linux-x86_64-debian-gcc | 1.1.1 | 22.04 | 137.45 | 159.49 | OK | |
r-devel-linux-x86_64-fedora-clang | 1.1.1 | 277.46 | NOTE | |||
r-devel-linux-x86_64-fedora-gcc | 1.1.1 | 258.49 | OK | |||
r-devel-windows-x86_64 | 1.1.1 | 23.00 | 143.00 | 166.00 | OK | |
r-patched-linux-x86_64 | 1.1.1 | 27.14 | 170.27 | 197.41 | OK | |
r-release-linux-x86_64 | 1.1.1 | 17.88 | 170.78 | 188.66 | OK | |
r-release-macos-arm64 | 1.1.1 | 69.00 | OK | |||
r-release-macos-x86_64 | 1.1.1 | 126.00 | OK | |||
r-release-windows-x86_64 | 1.1.1 | 30.00 | 186.00 | 216.00 | OK | |
r-oldrel-macos-arm64 | 1.1.1 | 66.00 | OK | |||
r-oldrel-macos-x86_64 | 1.1.1 | 94.00 | OK | |||
r-oldrel-windows-x86_64 | 1.1.1 | 31.00 | 184.00 | 215.00 | OK |
Version: 1.1.1
Check: package dependencies
Result: NOTE
Imports includes 22 non-default packages.
Importing from so many packages makes the package vulnerable to any of
them becoming unavailable. Move as many as possible to Suggests and
use conditionally.
Flavor: r-devel-linux-x86_64-fedora-clang