CRAN Package Check Results for Package tubern

Last updated on 2024-07-18 06:57:39 CEST.

Flavor Version Tinstall Tcheck Ttotal Status Flags
r-devel-linux-x86_64-debian-clang 0.1.0 2.53 32.85 35.38 NOTE
r-devel-linux-x86_64-debian-gcc 0.1.0 1.61 25.90 27.51 NOTE
r-devel-linux-x86_64-fedora-clang 0.1.0 47.67 NOTE
r-devel-linux-x86_64-fedora-gcc 0.1.0 55.55 NOTE
r-devel-windows-x86_64 0.1.0 3.00 56.00 59.00 NOTE
r-patched-linux-x86_64 0.1.0 5.66 32.12 37.78 NOTE
r-release-linux-x86_64 0.1.0 1.86 32.99 34.85 NOTE
r-release-macos-arm64 0.1.0 25.00 NOTE
r-release-macos-x86_64 0.1.0 38.00 NOTE
r-release-windows-x86_64 0.1.0 3.00 57.00 60.00 NOTE
r-oldrel-macos-arm64 0.1.0 27.00 NOTE
r-oldrel-macos-x86_64 0.1.0 51.00 NOTE
r-oldrel-windows-x86_64 0.1.0 4.00 58.00 62.00 NOTE

Check Details

Version: 0.1.0
Check: LazyData
Result: NOTE 'LazyData' is specified without a 'data' directory Flavors: r-devel-linux-x86_64-debian-clang, r-devel-linux-x86_64-debian-gcc, r-devel-linux-x86_64-fedora-clang, r-devel-linux-x86_64-fedora-gcc, r-devel-windows-x86_64, r-patched-linux-x86_64, r-release-linux-x86_64, r-release-macos-arm64, r-release-macos-x86_64, r-release-windows-x86_64, r-oldrel-macos-arm64, r-oldrel-macos-x86_64, r-oldrel-windows-x86_64

Version: 0.1.0
Check: Rd cross-references
Result: NOTE Found the following Rd file(s) with Rd \link{} targets missing package anchors: yt_oauth.Rd: oauth2.0_token Please provide package anchors for all Rd \link{} targets not in the package itself and the base packages. Flavor: r-devel-windows-x86_64