CRAN Package Check Results for Package tuber

Last updated on 2024-07-15 00:50:00 CEST.

Flavor Version Tinstall Tcheck Ttotal Status Flags
r-devel-linux-x86_64-debian-clang 0.9.9 5.83 66.60 72.43 NOTE
r-devel-linux-x86_64-debian-gcc 0.9.9 5.52 49.03 54.55 NOTE
r-devel-linux-x86_64-fedora-clang 0.9.9 98.76 NOTE
r-devel-linux-x86_64-fedora-gcc 0.9.9 99.12 NOTE
r-devel-windows-x86_64 0.9.9 8.00 81.00 89.00 NOTE
r-patched-linux-x86_64 0.9.9 13.07 61.97 75.04 NOTE
r-release-linux-x86_64 0.9.9 5.11 63.13 68.24 NOTE
r-release-macos-arm64 0.9.9 36.00 NOTE
r-release-macos-x86_64 0.9.9 59.00 NOTE
r-release-windows-x86_64 0.9.9 8.00 83.00 91.00 NOTE
r-oldrel-macos-arm64 0.9.9 37.00 NOTE
r-oldrel-macos-x86_64 0.9.9 54.00 NOTE
r-oldrel-windows-x86_64 0.9.9 10.00 93.00 103.00 NOTE

Check Details

Version: 0.9.9
Check: LazyData
Result: NOTE 'LazyData' is specified without a 'data' directory Flavors: r-devel-linux-x86_64-debian-clang, r-devel-linux-x86_64-debian-gcc, r-devel-linux-x86_64-fedora-clang, r-devel-linux-x86_64-fedora-gcc, r-devel-windows-x86_64, r-patched-linux-x86_64, r-release-linux-x86_64, r-release-macos-arm64, r-release-macos-x86_64, r-release-windows-x86_64, r-oldrel-macos-arm64, r-oldrel-macos-x86_64, r-oldrel-windows-x86_64

Version: 0.9.9
Check: Rd cross-references
Result: NOTE Found the following Rd file(s) with Rd \link{} targets missing package anchors: list_captions.Rd: GET upload_caption.Rd: POST upload_video.Rd: POST yt_oauth.Rd: oauth2.0_token Please provide package anchors for all Rd \link{} targets not in the package itself and the base packages. Flavor: r-devel-windows-x86_64