CRAN Package Check Results for Package tuber

Last updated on 2023-12-06 18:53:03 CET.

Flavor Version Tinstall Tcheck Ttotal Status Flags
r-devel-linux-x86_64-debian-clang 0.9.9 7.45 63.98 71.43 NOTE
r-devel-linux-x86_64-debian-gcc 0.9.9 5.74 48.14 53.88 NOTE
r-devel-linux-x86_64-fedora-clang 0.9.9 88.69 NOTE
r-devel-linux-x86_64-fedora-gcc 0.9.9 94.21 NOTE
r-devel-windows-x86_64 0.9.9 7.00 81.00 88.00 NOTE
r-patched-linux-x86_64 0.9.9 12.48 59.19 71.67 NOTE
r-release-linux-x86_64 0.9.9 5.35 59.18 64.53 NOTE
r-release-macos-arm64 0.9.9 37.00 NOTE
r-release-macos-x86_64 0.9.9 54.00 NOTE
r-release-windows-x86_64 0.9.9 9.00 87.00 96.00 NOTE
r-oldrel-macos-arm64 0.9.9 28.00 NOTE
r-oldrel-macos-x86_64 0.9.9 55.00 NOTE
r-oldrel-windows-x86_64 0.9.9 9.00 87.00 96.00 NOTE

Check Details

Version: 0.9.9
Check: LazyData
Result: NOTE 'LazyData' is specified without a 'data' directory Flavors: r-devel-linux-x86_64-debian-clang, r-devel-linux-x86_64-debian-gcc, r-devel-linux-x86_64-fedora-clang, r-devel-linux-x86_64-fedora-gcc, r-devel-windows-x86_64, r-patched-linux-x86_64, r-release-linux-x86_64, r-release-macos-arm64, r-release-macos-x86_64, r-release-windows-x86_64, r-oldrel-macos-arm64, r-oldrel-macos-x86_64, r-oldrel-windows-x86_64