CRAN Package Check Results for Package tsmp

Last updated on 2021-06-14 01:48:46 CEST.

Flavor Version Tinstall Tcheck Ttotal Status Flags
r-devel-linux-x86_64-debian-clang 0.4.14 63.28 105.32 168.60 NOTE
r-devel-linux-x86_64-debian-gcc 0.4.14 41.58 78.51 120.09 NOTE
r-devel-linux-x86_64-fedora-clang 0.4.14 213.76 NOTE
r-devel-linux-x86_64-fedora-gcc 0.4.14 173.51 NOTE
r-devel-windows-x86_64 0.4.14 56.00 146.00 202.00 NOTE
r-devel-windows-x86_64-gcc10-UCRT 0.4.14 NOTE
r-patched-linux-x86_64 0.4.14 49.61 104.95 154.56 NOTE
r-patched-solaris-x86 0.4.14 214.80 NOTE
r-release-linux-x86_64 0.4.14 47.83 102.79 150.62 NOTE
r-release-macos-arm64 0.4.14 NOTE
r-release-macos-x86_64 0.4.14 NOTE
r-release-windows-ix86+x86_64 0.4.14 118.00 177.00 295.00 NOTE
r-oldrel-macos-x86_64 0.4.14 NOTE
r-oldrel-windows-ix86+x86_64 0.4.14 113.00 196.00 309.00 NOTE

Additional issues

clang-UBSAN

Check Details

Version: 0.4.14
Check: for GNU extensions in Makefiles
Result: NOTE
    GNU make is a SystemRequirements.
Flavors: r-devel-linux-x86_64-debian-clang, r-devel-linux-x86_64-debian-gcc, r-devel-linux-x86_64-fedora-clang, r-devel-linux-x86_64-fedora-gcc, r-devel-windows-x86_64, r-devel-windows-x86_64-gcc10-UCRT, r-patched-linux-x86_64, r-patched-solaris-x86, r-release-linux-x86_64, r-release-macos-arm64, r-release-macos-x86_64, r-release-windows-ix86+x86_64, r-oldrel-macos-x86_64, r-oldrel-windows-ix86+x86_64

Version: 0.4.14
Check: installed package size
Result: NOTE
     installed size is 8.3Mb
     sub-directories of 1Mb or more:
     data 4.6Mb
     libs 2.3Mb
Flavors: r-devel-linux-x86_64-fedora-clang, r-devel-windows-x86_64, r-patched-solaris-x86, r-release-macos-arm64, r-release-macos-x86_64, r-release-windows-ix86+x86_64, r-oldrel-macos-x86_64, r-oldrel-windows-ix86+x86_64

Version: 0.4.14
Check: package dependencies
Result: NOTE
    Package suggested but not available for checking: 'vdiffr'
Flavor: r-devel-windows-x86_64-gcc10-UCRT