CRAN Package Check Results for Package tsmp

Last updated on 2022-07-01 02:54:30 CEST.

Flavor Version Tinstall Tcheck Ttotal Status Flags
r-devel-linux-x86_64-debian-clang 0.4.14 54.70 116.58 171.28 NOTE
r-devel-linux-x86_64-debian-gcc 0.4.14 44.99 86.38 131.37 NOTE
r-devel-linux-x86_64-fedora-clang 0.4.14 232.32 NOTE
r-devel-linux-x86_64-fedora-gcc 0.4.14 220.94 NOTE
r-devel-windows-x86_64 0.4.14 87.00 157.00 244.00 NOTE
r-patched-linux-x86_64 0.4.14 56.08 112.00 168.08 NOTE
r-release-linux-x86_64 0.4.14 49.42 112.86 162.28 NOTE
r-release-macos-arm64 0.4.14 50.00 NOTE
r-release-macos-x86_64 0.4.14 78.00 NOTE
r-release-windows-x86_64 0.4.14 77.00 162.00 239.00 NOTE
r-oldrel-macos-arm64 0.4.14 67.00 NOTE
r-oldrel-macos-x86_64 0.4.14 101.00 NOTE
r-oldrel-windows-ix86+x86_64 0.4.14 121.00 199.00 320.00 NOTE

Additional issues

clang-UBSAN

Check Details

Version: 0.4.14
Check: for GNU extensions in Makefiles
Result: NOTE
    GNU make is a SystemRequirements.
Flavors: r-devel-linux-x86_64-debian-clang, r-devel-linux-x86_64-debian-gcc, r-devel-linux-x86_64-fedora-clang, r-devel-linux-x86_64-fedora-gcc, r-devel-windows-x86_64, r-patched-linux-x86_64, r-release-linux-x86_64, r-release-macos-arm64, r-release-macos-x86_64, r-release-windows-x86_64, r-oldrel-macos-arm64, r-oldrel-macos-x86_64, r-oldrel-windows-ix86+x86_64

Version: 0.4.14
Check: installed package size
Result: NOTE
     installed size is 7.8Mb
     sub-directories of 1Mb or more:
     data 4.6Mb
     libs 1.9Mb
Flavors: r-devel-linux-x86_64-fedora-clang, r-devel-windows-x86_64, r-release-macos-arm64, r-release-macos-x86_64, r-release-windows-x86_64, r-oldrel-macos-arm64, r-oldrel-macos-x86_64, r-oldrel-windows-ix86+x86_64