Last updated on 2021-02-26 16:52:58 CET.
Flavor | Version | Tinstall | Tcheck | Ttotal | Status | Flags |
---|---|---|---|---|---|---|
r-devel-linux-x86_64-debian-clang | 0.2.0 | 4.65 | 27.58 | 32.23 | OK | |
r-devel-linux-x86_64-debian-gcc | 0.2.0 | 4.14 | 21.86 | 26.00 | OK | |
r-devel-linux-x86_64-fedora-clang | 0.2.0 | 50.11 | NOTE | |||
r-devel-linux-x86_64-fedora-gcc | 0.2.0 | 38.08 | NOTE | |||
r-devel-windows-ix86+x86_64 | 0.2.0 | 7.00 | 33.00 | 40.00 | OK | |
r-patched-linux-x86_64 | 0.2.0 | 4.73 | 26.50 | 31.23 | OK | |
r-patched-solaris-x86 | 0.2.0 | 57.40 | NOTE | |||
r-release-linux-x86_64 | 0.2.0 | 4.56 | 26.60 | 31.16 | OK | |
r-release-macos-x86_64 | 0.2.0 | NOTE | ||||
r-release-windows-ix86+x86_64 | 0.2.0 | 10.00 | 46.00 | 56.00 | OK | |
r-oldrel-macos-x86_64 | 0.2.0 | NOTE | ||||
r-oldrel-windows-ix86+x86_64 | 0.2.0 | 7.00 | 33.00 | 40.00 | OK |
Version: 0.2.0
Check: dependencies in R code
Result: NOTE
Namespace in Imports field not imported from: ‘tsibble’
All declared Imports should be used.
Flavors: r-devel-linux-x86_64-fedora-clang, r-devel-linux-x86_64-fedora-gcc, r-patched-solaris-x86, r-release-macos-x86_64, r-oldrel-macos-x86_64