CRAN Package Check Results for Package tsibbledata

Last updated on 2019-12-06 08:55:08 CET.

Flavor Version Tinstall Tcheck Ttotal Status Flags
r-devel-linux-x86_64-debian-clang 0.1.0 4.01 23.14 27.15 OK
r-devel-linux-x86_64-debian-gcc 0.1.0 3.97 19.61 23.58 OK
r-devel-linux-x86_64-fedora-clang 0.1.0 36.62 NOTE
r-devel-linux-x86_64-fedora-gcc 0.1.0 36.04 NOTE
r-devel-windows-ix86+x86_64 0.1.0 10.00 51.00 61.00 OK
r-devel-windows-ix86+x86_64-gcc8 0.1.0 10.00 42.00 52.00 OK
r-patched-linux-x86_64 0.1.0 4.39 23.08 27.47 OK
r-patched-solaris-x86 0.1.0 54.20 NOTE
r-release-linux-x86_64 0.1.0 3.87 23.25 27.12 OK
r-release-windows-ix86+x86_64 0.1.0 9.00 42.00 51.00 OK
r-release-osx-x86_64 0.1.0 NOTE
r-oldrel-windows-ix86+x86_64 0.1.0 7.00 41.00 48.00 OK
r-oldrel-osx-x86_64 0.1.0 NOTE

Check Details

Version: 0.1.0
Check: dependencies in R code
Result: NOTE
    Namespace in Imports field not imported from: ‘tsibble’
     All declared Imports should be used.
Flavors: r-devel-linux-x86_64-fedora-clang, r-devel-linux-x86_64-fedora-gcc, r-patched-solaris-x86, r-release-osx-x86_64, r-oldrel-osx-x86_64

Version: 0.1.0
Check: data for non-ASCII characters
Result: NOTE
     Note: found 2 marked UTF-8 strings
Flavors: r-devel-linux-x86_64-fedora-clang, r-devel-linux-x86_64-fedora-gcc, r-patched-solaris-x86, r-release-osx-x86_64, r-oldrel-osx-x86_64