CRAN Package Check Results for Package tsibbledata

Last updated on 2020-08-07 05:48:37 CEST.

Flavor Version Tinstall Tcheck Ttotal Status Flags
r-devel-linux-x86_64-debian-clang 0.2.0 4.70 25.57 30.27 OK
r-devel-linux-x86_64-debian-gcc 0.2.0 4.05 19.64 23.69 OK
r-devel-linux-x86_64-fedora-clang 0.2.0 44.53 NOTE
r-devel-linux-x86_64-fedora-gcc 0.2.0 35.36 NOTE
r-devel-windows-ix86+x86_64 0.2.0 13.00 41.00 54.00 OK
r-patched-linux-x86_64 0.2.0 4.46 24.51 28.97 OK
r-patched-solaris-x86 0.2.0 57.50 NOTE
r-release-linux-x86_64 0.2.0 4.38 25.06 29.44 OK
r-release-macos-x86_64 0.2.0 NOTE
r-release-windows-ix86+x86_64 0.2.0 13.00 56.00 69.00 OK
r-oldrel-macos-x86_64 0.2.0 NOTE
r-oldrel-windows-ix86+x86_64 0.2.0 9.00 40.00 49.00 OK

Check Details

Version: 0.2.0
Check: dependencies in R code
Result: NOTE
    Namespace in Imports field not imported from: ‘tsibble’
     All declared Imports should be used.
Flavors: r-devel-linux-x86_64-fedora-clang, r-devel-linux-x86_64-fedora-gcc, r-patched-solaris-x86, r-release-macos-x86_64, r-oldrel-macos-x86_64