CRAN Package Check Results for Package tsibbledata

Last updated on 2019-08-22 01:50:01 CEST.

Flavor Version Tinstall Tcheck Ttotal Status Flags
r-devel-linux-x86_64-debian-clang 0.1.0 4.37 22.77 27.14 OK
r-devel-linux-x86_64-debian-gcc 0.1.0 4.14 19.54 23.68 OK
r-devel-linux-x86_64-fedora-clang 0.1.0 34.51 NOTE
r-devel-linux-x86_64-fedora-gcc 0.1.0 34.73 NOTE
r-devel-windows-ix86+x86_64 0.1.0 16.00 53.00 69.00 OK
r-patched-linux-x86_64 0.1.0 4.26 23.41 27.67 OK
r-patched-solaris-x86 0.1.0 57.00 NOTE
r-release-linux-x86_64 0.1.0 4.65 23.79 28.44 OK
r-release-windows-ix86+x86_64 0.1.0 14.00 55.00 69.00 OK
r-release-osx-x86_64 0.1.0 NOTE
r-oldrel-windows-ix86+x86_64 0.1.0 11.00 52.00 63.00 OK
r-oldrel-osx-x86_64 0.1.0 NOTE

Check Details

Version: 0.1.0
Check: dependencies in R code
Result: NOTE
    Namespace in Imports field not imported from: ‘tsibble’
     All declared Imports should be used.
Flavors: r-devel-linux-x86_64-fedora-clang, r-devel-linux-x86_64-fedora-gcc, r-patched-solaris-x86, r-release-osx-x86_64, r-oldrel-osx-x86_64

Version: 0.1.0
Check: data for non-ASCII characters
Result: NOTE
     Note: found 2 marked UTF-8 strings
Flavors: r-devel-linux-x86_64-fedora-clang, r-devel-linux-x86_64-fedora-gcc, r-patched-solaris-x86, r-release-osx-x86_64, r-oldrel-osx-x86_64