Last updated on 2023-12-04 18:52:33 CET.
Flavor | Version | Tinstall | Tcheck | Ttotal | Status | Flags |
---|---|---|---|---|---|---|
r-devel-linux-x86_64-debian-clang | 1.1.3 | 13.75 | 172.78 | 186.53 | NOTE | |
r-devel-linux-x86_64-debian-gcc | 1.1.3 | 12.26 | 129.30 | 141.56 | NOTE | |
r-devel-linux-x86_64-fedora-clang | 1.1.3 | 229.21 | NOTE | |||
r-devel-linux-x86_64-fedora-gcc | 1.1.3 | 232.55 | NOTE | |||
r-devel-windows-x86_64 | 1.1.3 | 13.00 | 154.00 | 167.00 | NOTE | |
r-patched-linux-x86_64 | 1.1.3 | 14.21 | 163.32 | 177.53 | NOTE | |
r-release-linux-x86_64 | 1.1.3 | 11.68 | 164.39 | 176.07 | NOTE | |
r-release-macos-arm64 | 1.1.3 | 75.00 | NOTE | |||
r-release-macos-x86_64 | 1.1.3 | 121.00 | NOTE | |||
r-release-windows-x86_64 | 1.1.3 | 18.00 | 189.00 | 207.00 | NOTE | |
r-oldrel-macos-arm64 | 1.1.3 | 74.00 | OK | |||
r-oldrel-macos-x86_64 | 1.1.3 | 84.00 | OK | |||
r-oldrel-windows-x86_64 | 1.1.3 | 18.00 | 184.00 | 202.00 | OK |
Version: 1.1.3
Check: Rd \usage sections
Result: NOTE
S3 methods shown with full name in Rd file 'tsibble-vctrs.Rd':
‘vec_ptype2.tbl_ts’ ‘vec_cast.tbl_ts’ ‘vec_cast.yearmonth’
‘vec_ptype2.yearmonth’ ‘vec_cast.yearquarter’
‘vec_ptype2.yearquarter’ ‘vec_cast.yearweek’ ‘vec_ptype2.yearweek’
The \usage entries for S3 methods should use the \method markup and not
their full name.
See chapter ‘Writing R documentation files’ in the ‘Writing R
Extensions’ manual.
Flavors: r-devel-linux-x86_64-debian-clang, r-devel-linux-x86_64-debian-gcc, r-devel-linux-x86_64-fedora-clang, r-devel-linux-x86_64-fedora-gcc, r-devel-windows-x86_64
Version: 1.1.3
Check: Rd \usage sections
Result: NOTE
S3 methods shown with full name in documentation object 'tsibble-vctrs':
‘vec_ptype2.tbl_ts’ ‘vec_cast.tbl_ts’ ‘vec_cast.yearmonth’
‘vec_ptype2.yearmonth’ ‘vec_cast.yearquarter’
‘vec_ptype2.yearquarter’ ‘vec_cast.yearweek’ ‘vec_ptype2.yearweek’
The \usage entries for S3 methods should use the \method markup and not
their full name.
See chapter ‘Writing R documentation files’ in the ‘Writing R
Extensions’ manual.
Flavors: r-patched-linux-x86_64, r-release-linux-x86_64, r-release-macos-arm64, r-release-macos-x86_64, r-release-windows-x86_64