CRAN Package Check Results for Package tsiR

Last updated on 2021-09-19 11:50:28 CEST.

Flavor Version Tinstall Tcheck Ttotal Status Flags
r-devel-linux-x86_64-debian-clang 0.4.3 10.59 89.71 100.30 OK
r-devel-linux-x86_64-debian-gcc 0.4.3 8.37 61.58 69.95 OK
r-devel-linux-x86_64-fedora-clang 0.4.3 118.84 OK
r-devel-linux-x86_64-fedora-gcc 0.4.3 105.16 OK
r-devel-windows-x86_64 0.4.3 15.00 103.00 118.00 OK
r-devel-windows-x86_64-gcc10-UCRT 0.4.3 ERROR
r-patched-linux-x86_64 0.4.3 10.27 76.82 87.09 OK
r-patched-solaris-x86 0.4.3 147.10 OK
r-release-linux-x86_64 0.4.3 9.52 77.39 86.91 OK
r-release-macos-arm64 0.4.3 OK
r-release-macos-x86_64 0.4.3 OK
r-release-windows-ix86+x86_64 0.4.3 22.00 73.00 95.00 OK
r-oldrel-macos-x86_64 0.4.3 OK
r-oldrel-windows-ix86+x86_64 0.4.3 23.00 76.00 99.00 OK

Check Details

Version: 0.4.3
Check: whether package can be installed
Result: WARN
    Found the following significant warnings:
     WARNING: installation-time patches will not be applied, could not get the patches index
Flavor: r-devel-windows-x86_64-gcc10-UCRT

Version: 0.4.3
Check: PDF version of manual
Result: WARN
    LaTeX errors when creating PDF version.
    This typically indicates Rd problems.
Flavor: r-devel-windows-x86_64-gcc10-UCRT

Version: 0.4.3
Check: PDF version of manual without hyperrefs or index
Result: ERROR
    Re-running with no redirection of stdout/stderr.
Flavor: r-devel-windows-x86_64-gcc10-UCRT