Last updated on 2023-03-22 04:53:00 CET.
Flavor | Version | Tinstall | Tcheck | Ttotal | Status | Flags |
---|---|---|---|---|---|---|
r-devel-linux-x86_64-debian-clang | 1.0.2 | 25.18 | 67.79 | 92.97 | WARN | |
r-devel-linux-x86_64-debian-gcc | 1.0.2 | 17.83 | 51.37 | 69.20 | WARN | |
r-devel-linux-x86_64-fedora-clang | 1.0.2 | 124.56 | WARN | |||
r-devel-linux-x86_64-fedora-gcc | 1.0.2 | 125.43 | WARN | |||
r-patched-linux-x86_64 | 1.0.2 | 17.60 | 66.07 | 83.67 | OK | |
r-release-linux-x86_64 | 1.0.2 | 18.54 | 65.87 | 84.41 | OK | |
r-release-macos-arm64 | 1.0.2 | 38.00 | OK | |||
r-release-macos-x86_64 | 1.0.2 | 52.00 | OK | |||
r-release-windows-x86_64 | 1.0.2 | 36.00 | 119.00 | 155.00 | OK | |
r-oldrel-macos-arm64 | 1.0.2 | 35.00 | OK | |||
r-oldrel-macos-x86_64 | 1.0.2 | 51.00 | OK | |||
r-oldrel-windows-ix86+x86_64 | 1.0.2 | 58.00 | 133.00 | 191.00 | OK |
Version: 1.0.2
Check: S3 generic/method consistency
Result: WARN
autoplot:
function(object, ...)
autoplot.grnnForecast:
function(forecast, highlight)
See section ‘Generic functions and methods’ in the ‘Writing R
Extensions’ manual.
Flavors: r-devel-linux-x86_64-debian-clang, r-devel-linux-x86_64-debian-gcc, r-devel-linux-x86_64-fedora-clang, r-devel-linux-x86_64-fedora-gcc