CRAN Package Check Results for Package tsfeatures

Last updated on 2021-04-14 11:52:31 CEST.

Flavor Version Tinstall Tcheck Ttotal Status Flags
r-devel-linux-x86_64-debian-clang 1.0.2 7.24 100.33 107.57 NOTE
r-devel-linux-x86_64-debian-gcc 1.0.2 5.64 73.64 79.28 NOTE
r-devel-linux-x86_64-fedora-clang 1.0.2 132.29 NOTE
r-devel-linux-x86_64-fedora-gcc 1.0.2 122.08 NOTE
r-devel-windows-ix86+x86_64 1.0.2 21.00 123.00 144.00 NOTE
r-devel-windows-x86_64-gcc10-UCRT 1.0.2 NOTE
r-patched-linux-x86_64 1.0.2 7.67 94.92 102.59 OK
r-patched-solaris-x86 1.0.2 174.60 OK
r-release-linux-x86_64 1.0.2 5.33 92.56 97.89 OK
r-release-macos-x86_64 1.0.2 OK
r-release-windows-ix86+x86_64 1.0.2 26.00 208.00 234.00 OK
r-oldrel-macos-x86_64 1.0.2 OK
r-oldrel-windows-ix86+x86_64 1.0.2 12.00 92.00 104.00 OK

Check Details

Version: 1.0.2
Check: LazyData
Result: NOTE
     'LazyData' is specified without a 'data' directory
Flavors: r-devel-linux-x86_64-debian-clang, r-devel-linux-x86_64-debian-gcc, r-devel-linux-x86_64-fedora-clang, r-devel-linux-x86_64-fedora-gcc, r-devel-windows-ix86+x86_64, r-devel-windows-x86_64-gcc10-UCRT