CRAN Package Check Results for Package tsfeatures

Last updated on 2020-06-01 07:48:21 CEST.

Flavor Version Tinstall Tcheck Ttotal Status Flags
r-devel-linux-x86_64-debian-clang 1.0.1 7.51 93.54 101.05 OK
r-devel-linux-x86_64-debian-gcc 1.0.1 6.95 69.94 76.89 OK
r-devel-linux-x86_64-fedora-clang 1.0.1 125.85 WARN
r-devel-linux-x86_64-fedora-gcc 1.0.1 116.40 OK
r-devel-windows-ix86+x86_64 1.0.1 25.00 300.00 325.00 OK
r-patched-linux-x86_64 1.0.1 6.49 91.08 97.57 OK
r-patched-solaris-x86 1.0.1 170.40 OK
r-release-linux-x86_64 1.0.1 7.21 90.04 97.25 OK
r-release-osx-x86_64 1.0.1 OK
r-release-windows-ix86+x86_64 1.0.1 20.00 269.00 289.00 OK
r-oldrel-osx-x86_64 1.0.1 OK
r-oldrel-windows-ix86+x86_64 1.0.1 17.00 105.00 122.00 OK

Check Details

Version: 1.0.1
Check: package dependencies
Result: WARN
    Requires (indirectly) orphaned package: ‘ifultools’
Flavor: r-devel-linux-x86_64-fedora-clang