Last updated on 2022-07-02 18:51:50 CEST.
Flavor | Version | Tinstall | Tcheck | Ttotal | Status | Flags |
---|---|---|---|---|---|---|
r-devel-linux-x86_64-debian-clang | 1.0.2 | 9.07 | 115.85 | 124.92 | NOTE | |
r-devel-linux-x86_64-debian-gcc | 1.0.2 | 5.85 | 83.60 | 89.45 | NOTE | |
r-devel-linux-x86_64-fedora-clang | 1.0.2 | 154.27 | NOTE | |||
r-devel-linux-x86_64-fedora-gcc | 1.0.2 | 153.05 | NOTE | |||
r-devel-windows-x86_64 | 1.0.2 | 62.00 | 147.00 | 209.00 | NOTE | |
r-patched-linux-x86_64 | 1.0.2 | 10.20 | 108.62 | 118.82 | NOTE | |
r-release-linux-x86_64 | 1.0.2 | 7.30 | 107.23 | 114.53 | NOTE | |
r-release-macos-arm64 | 1.0.2 | 49.00 | NOTE | |||
r-release-macos-x86_64 | 1.0.2 | 109.00 | NOTE | |||
r-release-windows-x86_64 | 1.0.2 | 36.00 | 149.00 | 185.00 | NOTE | |
r-oldrel-macos-arm64 | 1.0.2 | 68.00 | NOTE | |||
r-oldrel-macos-x86_64 | 1.0.2 | 78.00 | NOTE | |||
r-oldrel-windows-ix86+x86_64 | 1.0.2 | 24.00 | 140.00 | 164.00 | NOTE |
Version: 1.0.2
Check: LazyData
Result: NOTE
'LazyData' is specified without a 'data' directory
Flavors: r-devel-linux-x86_64-debian-clang, r-devel-linux-x86_64-debian-gcc, r-devel-linux-x86_64-fedora-clang, r-devel-linux-x86_64-fedora-gcc, r-devel-windows-x86_64, r-patched-linux-x86_64, r-release-linux-x86_64, r-release-macos-arm64, r-release-macos-x86_64, r-release-windows-x86_64, r-oldrel-macos-arm64, r-oldrel-macos-x86_64, r-oldrel-windows-ix86+x86_64