CRAN Package Check Results for Package tsentiment

Last updated on 2022-05-28 04:55:06 CEST.

Flavor Version Tinstall Tcheck Ttotal Status Flags
r-devel-linux-x86_64-debian-clang 1.0.4 11.38 108.30 119.68 OK
r-devel-linux-x86_64-debian-gcc 1.0.4 8.56 81.30 89.86 OK
r-devel-linux-x86_64-fedora-clang 1.0.4 143.03 NOTE
r-devel-linux-x86_64-fedora-gcc 1.0.4 127.76 NOTE
r-devel-windows-x86_64 1.0.4 33.00 120.00 153.00 OK
r-patched-linux-x86_64 1.0.4 11.77 100.62 112.39 OK
r-release-linux-x86_64 1.0.4 9.29 99.97 109.26 OK
r-release-macos-arm64 1.0.4 40.00 NOTE
r-release-macos-x86_64 1.0.4 69.00 NOTE
r-release-windows-x86_64 1.0.4 34.00 127.00 161.00 OK
r-oldrel-macos-arm64 1.0.4 187.00 NOTE
r-oldrel-macos-x86_64 1.0.4 51.00 NOTE
r-oldrel-windows-ix86+x86_64 1.0.4 28.00 114.00 142.00 OK

Check Details

Version: 1.0.4
Check: dependencies in R code
Result: NOTE
    Namespace in Imports field not imported from: ‘wordcloud2’
     All declared Imports should be used.
Flavors: r-devel-linux-x86_64-fedora-clang, r-devel-linux-x86_64-fedora-gcc, r-release-macos-arm64, r-release-macos-x86_64, r-oldrel-macos-arm64, r-oldrel-macos-x86_64