CRAN Package Check Results for Package tsDyn

Last updated on 2024-06-14 01:51:52 CEST.

Flavor Version Tinstall Tcheck Ttotal Status Flags
r-devel-linux-x86_64-debian-clang 11.0.4.1 33.30 535.83 569.13 OK
r-devel-linux-x86_64-debian-gcc 11.0.4.1 0.81 1.78 2.59 ERROR
r-devel-linux-x86_64-fedora-clang 11.0.4.1 520.95 OK
r-devel-linux-x86_64-fedora-gcc 11.0.4.1 663.23 OK
r-devel-windows-x86_64 11.0.4.1 25.00 424.00 449.00 OK
r-patched-linux-x86_64 11.0.4.1 36.15 506.44 542.59 OK
r-release-linux-x86_64 11.0.4.1 26.09 495.67 521.76 OK
r-release-macos-arm64 11.0.4.1 176.00 OK
r-release-macos-x86_64 11.0.4.1 315.00 OK
r-release-windows-x86_64 11.0.4.1 31.00 424.00 455.00 OK
r-oldrel-macos-arm64 11.0.4.1 207.00 OK
r-oldrel-macos-x86_64 11.0.4.1 426.00 OK
r-oldrel-windows-x86_64 11.0.4.1 36.00 515.00 551.00 OK

Additional issues

M1mac

Check Details

Version: 11.0.4.1
Check: package dependencies
Result: ERROR Package required but not available: ‘forecast’ Packages suggested but not available for checking: 'tidyverse', 'rugarch' See section ‘The DESCRIPTION file’ in the ‘Writing R Extensions’ manual. Flavor: r-devel-linux-x86_64-debian-gcc