Last updated on 2023-12-08 18:55:53 CET.
Flavor | Version | Tinstall | Tcheck | Ttotal | Status | Flags |
---|---|---|---|---|---|---|
r-devel-linux-x86_64-debian-clang | 1.3-9.1 | 10.75 | 39.21 | 49.96 | OK | |
r-devel-linux-x86_64-debian-gcc | 1.3-9.1 | 7.45 | 29.80 | 37.25 | OK | |
r-devel-linux-x86_64-fedora-clang | 1.3-9.1 | 62.18 | NOTE | |||
r-devel-linux-x86_64-fedora-gcc | 1.3-9.1 | 57.86 | OK | |||
r-devel-windows-x86_64 | 1.3-9.1 | 12.00 | 63.00 | 75.00 | OK | |
r-patched-linux-x86_64 | 1.3-9.1 | 10.13 | 38.41 | 48.54 | OK | |
r-release-linux-x86_64 | 1.3-9.1 | 8.52 | 38.08 | 46.60 | OK | |
r-release-macos-arm64 | 1.3-9.1 | 25.00 | OK | |||
r-release-macos-x86_64 | 1.3-9.1 | 37.00 | OK | |||
r-release-windows-x86_64 | 1.3-9.1 | 13.00 | 68.00 | 81.00 | OK | |
r-oldrel-macos-arm64 | 1.3-9.1 | 27.00 | OK | |||
r-oldrel-macos-x86_64 | 1.3-9.1 | 32.00 | OK | |||
r-oldrel-windows-x86_64 | 1.3-9.1 | 20.00 | 60.00 | 80.00 | OK |
Version: 1.3-9.1
Check: Rd cross-references
Result: NOTE
Undeclared package ‘akima’ in Rd xrefs
Flavor: r-devel-linux-x86_64-fedora-clang