CRAN Package Check Results for Package tripack

Last updated on 2022-05-28 17:50:50 CEST.

Flavor Version Tinstall Tcheck Ttotal Status Flags
r-devel-linux-x86_64-debian-clang 1.3-9.1 7.59 45.17 52.76 OK
r-devel-linux-x86_64-debian-gcc 1.3-9.1 7.03 35.63 42.66 OK
r-devel-linux-x86_64-fedora-clang 1.3-9.1 64.09 NOTE
r-devel-linux-x86_64-fedora-gcc 1.3-9.1 52.81 OK
r-devel-windows-x86_64 1.3-9.1 44.00 63.00 107.00 OK
r-patched-linux-x86_64 1.3-9.1 7.06 43.59 50.65 OK
r-release-linux-x86_64 1.3-9.1 8.26 43.55 51.81 OK
r-release-macos-arm64 1.3-9.1 25.00 OK
r-release-macos-x86_64 1.3-9.1 32.00 OK
r-release-windows-x86_64 1.3-9.1 20.00 60.00 80.00 OK
r-oldrel-macos-arm64 1.3-9.1 30.00 OK
r-oldrel-macos-x86_64 1.3-9.1 44.00 OK
r-oldrel-windows-ix86+x86_64 1.3-9.1 22.00 51.00 73.00 OK

Check Details

Version: 1.3-9.1
Check: Rd cross-references
Result: NOTE
    Undeclared package ‘akima’ in Rd xrefs
Flavor: r-devel-linux-x86_64-fedora-clang