CRAN Package Check Results for Package triangulr

Last updated on 2024-05-21 13:52:55 CEST.

Flavor Version Tinstall Tcheck Ttotal Status Flags
r-devel-linux-x86_64-debian-clang 1.2.1 8.75 37.11 45.86 NOTE
r-devel-linux-x86_64-debian-gcc 1.2.1 6.32 28.08 34.40 NOTE
r-devel-linux-x86_64-fedora-clang 1.2.1 59.32 NOTE
r-devel-linux-x86_64-fedora-gcc 1.2.1 54.98 NOTE
r-devel-windows-x86_64 1.2.1 10.00 52.00 62.00 NOTE
r-patched-linux-x86_64 1.2.1 9.75 36.43 46.18 NOTE
r-release-linux-x86_64 1.2.1 6.43 36.08 42.51 NOTE
r-release-macos-arm64 1.2.1 23.00 NOTE
r-release-windows-x86_64 1.2.1 8.00 54.00 62.00 NOTE
r-oldrel-macos-arm64 1.2.1 24.00 NOTE
r-oldrel-macos-x86_64 1.2.1 33.00 NOTE
r-oldrel-windows-x86_64 1.2.1 11.00 58.00 69.00 NOTE

Check Details

Version: 1.2.1
Check: C++ specification
Result: NOTE Specified C++11: please drop specification unless essential Flavors: r-devel-linux-x86_64-debian-clang, r-devel-linux-x86_64-debian-gcc, r-devel-linux-x86_64-fedora-clang, r-devel-linux-x86_64-fedora-gcc, r-devel-windows-x86_64, r-patched-linux-x86_64, r-release-linux-x86_64, r-release-macos-arm64, r-release-windows-x86_64, r-oldrel-macos-arm64, r-oldrel-macos-x86_64, r-oldrel-windows-x86_64

Version: 1.2.1
Check: compiled code
Result: NOTE File ‘triangulr/libs/triangulr.so’: Found non-API calls to R: ‘SETLENGTH’, ‘SET_TRUELENGTH’ Compiled code should not call non-API entry points in R. See ‘Writing portable packages’ in the ‘Writing R Extensions’ manual. Flavors: r-devel-linux-x86_64-debian-clang, r-devel-linux-x86_64-debian-gcc, r-devel-linux-x86_64-fedora-clang, r-devel-linux-x86_64-fedora-gcc

Version: 1.2.1
Check: compiled code
Result: NOTE File 'triangulr/libs/x64/triangulr.dll': Found non-API calls to R: 'SETLENGTH', 'SET_TRUELENGTH' Compiled code should not call non-API entry points in R. See 'Writing portable packages' in the 'Writing R Extensions' manual. Flavor: r-devel-windows-x86_64