Last updated on 2025-01-24 22:50:09 CET.
Flavor | Version | Tinstall | Tcheck | Ttotal | Status | Flags |
---|---|---|---|---|---|---|
r-devel-linux-x86_64-debian-clang | 1.2.1 | 4.87 | 29.14 | 34.01 | NOTE | |
r-devel-linux-x86_64-debian-gcc | 1.2.1 | 4.58 | 22.70 | 27.28 | NOTE | |
r-devel-linux-x86_64-fedora-clang | 1.2.1 | 60.48 | NOTE | |||
r-devel-linux-x86_64-fedora-gcc | 1.2.1 | 55.15 | NOTE | |||
r-devel-windows-x86_64 | 1.2.1 | 10.00 | 53.00 | 63.00 | NOTE | |
r-patched-linux-x86_64 | 1.2.1 | 6.45 | 28.04 | 34.49 | NOTE | |
r-release-linux-x86_64 | 1.2.1 | 5.88 | 27.34 | 33.22 | NOTE | |
r-release-macos-arm64 | 1.2.1 | 23.00 | NOTE | |||
r-release-macos-x86_64 | 1.2.1 | 31.00 | NOTE | |||
r-release-windows-x86_64 | 1.2.1 | 10.00 | 52.00 | 62.00 | NOTE | |
r-oldrel-macos-arm64 | 1.2.1 | 24.00 | NOTE | |||
r-oldrel-macos-x86_64 | 1.2.1 | 33.00 | NOTE | |||
r-oldrel-windows-x86_64 | 1.2.1 | 11.00 | 57.00 | 68.00 | NOTE |
Version: 1.2.1
Check: C++ specification
Result: NOTE
Specified C++11: please drop specification unless essential
Flavors: r-devel-linux-x86_64-debian-clang, r-devel-linux-x86_64-debian-gcc, r-devel-linux-x86_64-fedora-clang, r-devel-linux-x86_64-fedora-gcc, r-devel-windows-x86_64, r-patched-linux-x86_64, r-release-linux-x86_64, r-release-macos-arm64, r-release-macos-x86_64, r-release-windows-x86_64, r-oldrel-macos-arm64, r-oldrel-macos-x86_64, r-oldrel-windows-x86_64