Last updated on 2022-08-12 00:50:01 CEST.
Flavor | Version | Tinstall | Tcheck | Ttotal | Status | Flags |
---|---|---|---|---|---|---|
r-devel-linux-x86_64-debian-clang | 0.1.5 | 938.08 | 441.63 | 1379.71 | NOTE | |
r-devel-linux-x86_64-debian-gcc | 0.1.5 | 848.61 | 369.93 | 1218.54 | NOTE | |
r-devel-linux-x86_64-fedora-clang | 0.1.5 | 1898.43 | NOTE | |||
r-devel-linux-x86_64-fedora-gcc | 0.1.5 | 2167.50 | NOTE | |||
r-devel-windows-x86_64 | 0.1.5 | 756.00 | 650.00 | 1406.00 | NOTE | |
r-patched-linux-x86_64 | 0.1.5 | 720.46 | 487.86 | 1208.32 | NOTE | |
r-release-linux-x86_64 | 0.1.5 | 687.59 | 489.27 | 1176.86 | NOTE | |
r-release-macos-arm64 | 0.1.5 | 488.00 | NOTE | |||
r-release-macos-x86_64 | 0.1.5 | 765.00 | NOTE | |||
r-release-windows-x86_64 | 0.1.5 | 677.00 | 653.00 | 1330.00 | NOTE | |
r-oldrel-macos-arm64 | 0.1.5 | 737.00 | NOTE | |||
r-oldrel-macos-x86_64 | 0.1.5 | 747.00 | NOTE | |||
r-oldrel-windows-ix86+x86_64 | 0.1.5 | 2121.00 | 942.00 | 3063.00 | NOTE |
Version: 0.1.5
Check: LazyData
Result: NOTE
'LazyData' is specified without a 'data' directory
Flavors: r-devel-linux-x86_64-debian-clang, r-devel-linux-x86_64-debian-gcc, r-devel-linux-x86_64-fedora-clang, r-devel-linux-x86_64-fedora-gcc, r-devel-windows-x86_64, r-patched-linux-x86_64, r-release-linux-x86_64, r-release-macos-arm64, r-release-macos-x86_64, r-release-windows-x86_64, r-oldrel-macos-arm64, r-oldrel-macos-x86_64, r-oldrel-windows-ix86+x86_64
Version: 0.1.5
Check: for GNU extensions in Makefiles
Result: NOTE
GNU make is a SystemRequirements.
Flavors: r-devel-linux-x86_64-debian-clang, r-devel-linux-x86_64-debian-gcc, r-devel-linux-x86_64-fedora-clang, r-devel-linux-x86_64-fedora-gcc, r-devel-windows-x86_64, r-patched-linux-x86_64, r-release-linux-x86_64, r-release-macos-arm64, r-release-macos-x86_64, r-release-windows-x86_64, r-oldrel-macos-arm64, r-oldrel-macos-x86_64, r-oldrel-windows-ix86+x86_64
Version: 0.1.5
Check: installed package size
Result: NOTE
installed size is 94.9Mb
sub-directories of 1Mb or more:
doc 3.8Mb
libs 90.0Mb
Flavors: r-devel-linux-x86_64-fedora-clang, r-devel-windows-x86_64, r-release-macos-arm64, r-release-macos-x86_64, r-release-windows-x86_64, r-oldrel-macos-arm64, r-oldrel-macos-x86_64, r-oldrel-windows-ix86+x86_64