CRAN Package Check Results for Package trendchange

Last updated on 2021-06-23 03:50:53 CEST.

Flavor Version Tinstall Tcheck Ttotal Status Flags
r-devel-linux-x86_64-debian-clang 1.1 1.98 21.36 23.34 NOTE
r-devel-linux-x86_64-debian-gcc 1.1 1.65 16.66 18.31 NOTE
r-devel-linux-x86_64-fedora-clang 1.1 36.81 NOTE
r-devel-linux-x86_64-fedora-gcc 1.1 26.34 NOTE
r-devel-windows-x86_64 1.1 4.00 37.00 41.00 NOTE
r-devel-windows-x86_64-gcc10-UCRT 1.1 NOTE
r-patched-linux-x86_64 1.1 1.91 20.25 22.16 NOTE
r-patched-solaris-x86 1.1 43.30 NOTE
r-release-linux-x86_64 1.1 1.93 20.49 22.42 NOTE
r-release-macos-arm64 1.1 NOTE
r-release-macos-x86_64 1.1 NOTE
r-release-windows-ix86+x86_64 1.1 5.00 30.00 35.00 NOTE
r-oldrel-macos-x86_64 1.1 OK

Check Details

Version: 1.1
Check: LazyData
Result: NOTE
     'LazyData' is specified without a 'data' directory
Flavors: r-devel-linux-x86_64-debian-clang, r-devel-linux-x86_64-debian-gcc, r-devel-linux-x86_64-fedora-clang, r-devel-linux-x86_64-fedora-gcc, r-devel-windows-x86_64, r-devel-windows-x86_64-gcc10-UCRT, r-patched-linux-x86_64, r-patched-solaris-x86, r-release-linux-x86_64, r-release-macos-arm64, r-release-macos-x86_64, r-release-windows-ix86+x86_64

Version: 1.1
Check: package dependencies
Result: NOTE
    Package suggested but not available for checking: 'covr'
Flavor: r-devel-windows-x86_64-gcc10-UCRT