CRAN Package Check Results for Package tremendousr

Last updated on 2022-06-29 00:51:28 CEST.

Flavor Version Tinstall Tcheck Ttotal Status Flags
r-devel-linux-x86_64-debian-clang 1.0.0 2.79 28.43 31.22 OK
r-devel-linux-x86_64-debian-gcc 1.0.0 2.35 22.03 24.38 OK
r-devel-linux-x86_64-fedora-clang 1.0.0 48.65 NOTE
r-devel-linux-x86_64-fedora-gcc 1.0.0 47.24 NOTE
r-devel-windows-x86_64 1.0.0 24.00 56.00 80.00 OK
r-patched-linux-x86_64 1.0.0 2.29 27.60 29.89 OK
r-release-linux-x86_64 1.0.0 3.13 26.90 30.03 OK
r-release-macos-arm64 1.0.0 17.00 NOTE
r-release-macos-x86_64 1.0.0 23.00 NOTE
r-release-windows-x86_64 1.0.0 25.00 58.00 83.00 OK
r-oldrel-macos-arm64 1.0.0 18.00 NOTE
r-oldrel-macos-x86_64 1.0.0 25.00 NOTE
r-oldrel-windows-ix86+x86_64 1.0.0 8.00 55.00 63.00 OK

Check Details

Version: 1.0.0
Check: dependencies in R code
Result: NOTE
    Namespace in Imports field not imported from: ‘crul’
     All declared Imports should be used.
Flavors: r-devel-linux-x86_64-fedora-clang, r-devel-linux-x86_64-fedora-gcc, r-release-macos-arm64, r-release-macos-x86_64, r-oldrel-macos-arm64, r-oldrel-macos-x86_64