CRAN Package Check Results for Package trekfont

Last updated on 2021-04-15 23:48:18 CEST.

Flavor Version Tinstall Tcheck Ttotal Status Flags
r-devel-linux-x86_64-debian-clang 0.9.4 2.50 23.04 25.54 OK
r-devel-linux-x86_64-debian-gcc 0.9.4 1.90 18.39 20.29 OK
r-devel-linux-x86_64-fedora-clang 0.9.4 40.29 OK
r-devel-linux-x86_64-fedora-gcc 0.9.4 29.47 OK
r-devel-windows-ix86+x86_64 0.9.4 6.00 35.00 41.00 OK
r-devel-windows-x86_64-gcc10-UCRT 0.9.4 OK
r-patched-linux-x86_64 0.9.4 2.26 22.00 24.26 OK
r-patched-solaris-x86 0.9.4 49.00 NOTE
r-release-linux-x86_64 0.9.4 2.31 22.11 24.42 OK
r-release-macos-x86_64 0.9.4 OK
r-release-windows-ix86+x86_64 0.9.4 4.00 38.00 42.00 OK
r-oldrel-macos-x86_64 0.9.4 OK
r-oldrel-windows-ix86+x86_64 0.9.4 4.00 29.00 33.00 OK

Check Details

Version: 0.9.4
Check: installed package size
Result: NOTE
     installed size is 5.5Mb
     sub-directories of 1Mb or more:
     fonts 5.3Mb
Flavor: r-patched-solaris-x86