CRAN Package Check Results for Package treenomial

Last updated on 2023-06-07 21:01:35 CEST.

Flavor Version Tinstall Tcheck Ttotal Status Flags
r-devel-linux-x86_64-debian-clang 1.1.4 112.59 43.94 156.53 NOTE
r-devel-linux-x86_64-debian-gcc 1.1.4 79.96 34.69 114.65 NOTE
r-devel-linux-x86_64-fedora-clang 1.1.4 234.87 NOTE
r-devel-linux-x86_64-fedora-gcc 1.1.4 216.48 NOTE
r-devel-windows-x86_64 1.1.4 79.00 77.00 156.00 NOTE
r-patched-linux-x86_64 1.1.4 94.56 43.44 138.00 NOTE
r-release-linux-x86_64 1.1.4 77.18 41.22 118.40 NOTE
r-release-macos-arm64 1.1.4 63.00 NOTE
r-release-macos-x86_64 1.1.4 96.00 NOTE
r-release-windows-x86_64 1.1.4 95.00 88.00 183.00 NOTE
r-oldrel-macos-arm64 1.1.4 54.00 NOTE
r-oldrel-macos-x86_64 1.1.4 72.00 NOTE
r-oldrel-windows-x86_64 1.1.4 94.00 83.00 177.00 OK

Check Details

Version: 1.1.4
Check: C++ specification
Result: NOTE
     Specified C++11: please drop specification unless essential
Flavors: r-devel-linux-x86_64-debian-clang, r-devel-linux-x86_64-debian-gcc, r-devel-linux-x86_64-fedora-clang, r-devel-linux-x86_64-fedora-gcc, r-devel-windows-x86_64, r-patched-linux-x86_64, r-release-linux-x86_64, r-release-macos-arm64, r-release-macos-x86_64, r-release-windows-x86_64

Version: 1.1.4
Check: installed package size
Result: NOTE
     installed size is 11.4Mb
     sub-directories of 1Mb or more:
     libs 11.2Mb
Flavors: r-release-macos-arm64, r-release-macos-x86_64, r-oldrel-macos-arm64, r-oldrel-macos-x86_64