Last updated on 2023-03-30 18:49:38 CEST.
Flavor | Version | Tinstall | Tcheck | Ttotal | Status | Flags |
---|---|---|---|---|---|---|
r-devel-linux-x86_64-debian-clang | 1.1.0 | 153.29 | 69.46 | 222.75 | NOTE | |
r-devel-linux-x86_64-debian-gcc | 1.1.0 | 128.33 | 53.13 | 181.46 | NOTE | |
r-devel-linux-x86_64-fedora-clang | 1.1.0 | 342.28 | NOTE | |||
r-devel-linux-x86_64-fedora-gcc | 1.1.0 | 325.95 | NOTE | |||
r-patched-linux-x86_64 | 1.1.0 | 128.51 | 67.11 | 195.62 | NOTE | |
r-release-linux-x86_64 | 1.1.0 | 135.84 | 67.72 | 203.56 | NOTE | |
r-release-macos-arm64 | 1.1.0 | 79.00 | NOTE | |||
r-release-macos-x86_64 | 1.1.0 | 97.00 | NOTE | |||
r-release-windows-x86_64 | 1.1.0 | 158.00 | 146.00 | 304.00 | NOTE | |
r-oldrel-macos-arm64 | 1.1.0 | 90.00 | NOTE | |||
r-oldrel-macos-x86_64 | 1.1.0 | 119.00 | NOTE | |||
r-oldrel-windows-ix86+x86_64 | 1.1.0 | 378.00 | 151.00 | 529.00 | NOTE |
Version: 1.1.0
Check: C++ specification
Result: NOTE
Specified C++11: please drop specification unless essential
Flavors: r-devel-linux-x86_64-debian-clang, r-devel-linux-x86_64-debian-gcc, r-devel-linux-x86_64-fedora-clang, r-devel-linux-x86_64-fedora-gcc, r-patched-linux-x86_64
Version: 1.1.0
Check: package subdirectories
Result: NOTE
Problems with news in ‘NEWS.md’:
Cannot extract version info from the following section titles:
Bug fixes
Flavors: r-devel-linux-x86_64-debian-clang, r-devel-linux-x86_64-debian-gcc, r-devel-linux-x86_64-fedora-clang, r-devel-linux-x86_64-fedora-gcc, r-patched-linux-x86_64
Version: 1.1.0
Check: LazyData
Result: NOTE
'LazyData' is specified without a 'data' directory
Flavors: r-devel-linux-x86_64-debian-clang, r-devel-linux-x86_64-debian-gcc, r-devel-linux-x86_64-fedora-clang, r-devel-linux-x86_64-fedora-gcc, r-patched-linux-x86_64, r-release-linux-x86_64, r-release-macos-arm64, r-release-macos-x86_64, r-release-windows-x86_64, r-oldrel-macos-arm64, r-oldrel-macos-x86_64, r-oldrel-windows-ix86+x86_64
Version: 1.1.0
Check: installed package size
Result: NOTE
installed size is 6.6Mb
sub-directories of 1Mb or more:
libs 6.1Mb
Flavors: r-release-macos-arm64, r-release-macos-x86_64, r-oldrel-macos-arm64, r-oldrel-macos-x86_64