CRAN Package Check Results for Package treebalance

Last updated on 2022-08-12 16:51:05 CEST.

Flavor Version Tinstall Tcheck Ttotal Status Flags
r-devel-linux-x86_64-debian-clang 1.1.0 3.90 36.48 40.38 OK
r-devel-linux-x86_64-debian-gcc 1.1.0 3.55 28.13 31.68 OK
r-devel-linux-x86_64-fedora-clang 1.1.0 59.52 NOTE
r-devel-linux-x86_64-fedora-gcc 1.1.0 60.64 NOTE
r-devel-windows-x86_64 1.1.0 36.00 62.00 98.00 OK
r-patched-linux-x86_64 1.1.0 4.45 33.12 37.57 OK
r-release-linux-x86_64 1.1.0 3.64 34.04 37.68 OK
r-release-macos-arm64 1.1.0 20.00 NOTE
r-release-macos-x86_64 1.1.0 39.00 NOTE
r-release-windows-x86_64 1.1.0 49.00 60.00 109.00 OK
r-oldrel-macos-arm64 1.1.0 21.00 NOTE
r-oldrel-macos-x86_64 1.1.0 26.00 NOTE
r-oldrel-windows-ix86+x86_64 1.1.0 9.00 53.00 62.00 OK

Check Details

Version: 1.1.0
Check: dependencies in R code
Result: NOTE
    Namespace in Imports field not imported from: ‘memoise’
     All declared Imports should be used.
Flavors: r-devel-linux-x86_64-fedora-clang, r-devel-linux-x86_64-fedora-gcc, r-release-macos-arm64, r-release-macos-x86_64, r-oldrel-macos-arm64, r-oldrel-macos-x86_64