CRAN Package Check Results for Package trapezoid

Last updated on 2019-09-15 07:48:57 CEST.

Flavor Version Tinstall Tcheck Ttotal Status Flags
r-devel-linux-x86_64-debian-clang 2.0-0 2.44 25.74 28.18 NOTE
r-devel-linux-x86_64-debian-gcc 2.0-0 2.04 20.89 22.93 NOTE
r-devel-linux-x86_64-fedora-clang 2.0-0 34.97 NOTE
r-devel-linux-x86_64-fedora-gcc 2.0-0 34.01 NOTE
r-devel-windows-ix86+x86_64 2.0-0 10.00 51.00 61.00 NOTE
r-patched-linux-x86_64 2.0-0 2.04 25.65 27.69 NOTE
r-patched-solaris-x86 2.0-0 49.70 NOTE
r-release-linux-x86_64 2.0-0 2.22 25.71 27.93 NOTE
r-release-windows-ix86+x86_64 2.0-0 8.00 71.00 79.00 NOTE
r-release-osx-x86_64 2.0-0 NOTE
r-oldrel-windows-ix86+x86_64 2.0-0 6.00 52.00 58.00 NOTE
r-oldrel-osx-x86_64 2.0-0 NOTE

Check Details

Version: 2.0-0
Check: R code for possible problems
Result: NOTE
    rtrapezoid: no visible global function definition for 'runif'
    Undefined global functions or variables:
     runif
    Consider adding
     importFrom("stats", "runif")
    to your NAMESPACE file.
Flavors: r-devel-linux-x86_64-debian-clang, r-devel-linux-x86_64-debian-gcc, r-devel-linux-x86_64-fedora-clang, r-devel-linux-x86_64-fedora-gcc, r-devel-windows-ix86+x86_64, r-patched-linux-x86_64, r-patched-solaris-x86, r-release-linux-x86_64, r-release-windows-ix86+x86_64, r-release-osx-x86_64, r-oldrel-windows-ix86+x86_64, r-oldrel-osx-x86_64

Version: 2.0-0
Check: compiled code
Result: NOTE
    File ‘trapezoid/libs/trapezoid.so’:
     Found no calls to: ‘R_registerRoutines’, ‘R_useDynamicSymbols’
    
    It is good practice to register native routines and to disable symbol
    search.
    
    See ‘Writing portable packages’ in the ‘Writing R Extensions’ manual.
Flavors: r-devel-linux-x86_64-fedora-clang, r-devel-linux-x86_64-fedora-gcc