CRAN Package Check Results for Package trapezoid

Last updated on 2020-01-19 19:48:08 CET.

Flavor Version Tinstall Tcheck Ttotal Status Flags
r-devel-linux-x86_64-debian-clang 2.0-0 2.44 26.82 29.26 NOTE
r-devel-linux-x86_64-debian-gcc 2.0-0 2.10 21.52 23.62 NOTE
r-devel-linux-x86_64-fedora-clang 2.0-0 38.05 NOTE
r-devel-linux-x86_64-fedora-gcc 2.0-0 36.33 NOTE
r-devel-windows-ix86+x86_64 2.0-0 13.00 54.00 67.00 NOTE
r-devel-windows-ix86+x86_64-gcc8 2.0-0 8.00 68.00 76.00 NOTE
r-patched-linux-x86_64 2.0-0 1.79 24.68 26.47 NOTE
r-patched-solaris-x86 2.0-0 49.30 NOTE
r-release-linux-x86_64 2.0-0 2.03 24.96 26.99 NOTE
r-release-windows-ix86+x86_64 2.0-0 13.00 57.00 70.00 NOTE
r-release-osx-x86_64 2.0-0 NOTE
r-oldrel-windows-ix86+x86_64 2.0-0 7.00 49.00 56.00 NOTE
r-oldrel-osx-x86_64 2.0-0 NOTE

Check Details

Version: 2.0-0
Check: R code for possible problems
Result: NOTE
    rtrapezoid: no visible global function definition for 'runif'
    Undefined global functions or variables:
     runif
    Consider adding
     importFrom("stats", "runif")
    to your NAMESPACE file.
Flavors: r-devel-linux-x86_64-debian-clang, r-devel-linux-x86_64-debian-gcc, r-devel-linux-x86_64-fedora-clang, r-devel-linux-x86_64-fedora-gcc, r-devel-windows-ix86+x86_64, r-devel-windows-ix86+x86_64-gcc8, r-patched-linux-x86_64, r-patched-solaris-x86, r-release-linux-x86_64, r-release-windows-ix86+x86_64, r-release-osx-x86_64, r-oldrel-windows-ix86+x86_64, r-oldrel-osx-x86_64

Version: 2.0-0
Check: compiled code
Result: NOTE
    File ‘trapezoid/libs/trapezoid.so’:
     Found no calls to: ‘R_registerRoutines’, ‘R_useDynamicSymbols’
    
    It is good practice to register native routines and to disable symbol
    search.
    
    See ‘Writing portable packages’ in the ‘Writing R Extensions’ manual.
Flavors: r-devel-linux-x86_64-fedora-clang, r-devel-linux-x86_64-fedora-gcc