CRAN Package Check Results for Package tranSurv

Last updated on 2023-12-11 09:50:44 CET.

Flavor Version Tinstall Tcheck Ttotal Status Flags
r-devel-linux-x86_64-debian-clang 1.2.2 12.10 91.55 103.65 NOTE
r-devel-linux-x86_64-debian-gcc 1.2.2 10.81 69.43 80.24 NOTE
r-devel-linux-x86_64-fedora-clang 1.2.2 131.62 NOTE
r-devel-linux-x86_64-fedora-gcc 1.2.2 123.55 NOTE
r-devel-windows-x86_64 1.2.2 14.00 87.00 101.00 NOTE
r-patched-linux-x86_64 1.2.2 14.13 89.36 103.49 NOTE
r-release-linux-x86_64 1.2.2 11.25 90.51 101.76 NOTE
r-release-macos-arm64 1.2.2 43.00 NOTE
r-release-macos-x86_64 1.2.2 70.00 NOTE
r-release-windows-x86_64 1.2.2 16.00 100.00 116.00 NOTE
r-oldrel-macos-arm64 1.2.2 37.00 NOTE
r-oldrel-macos-x86_64 1.2.2 54.00 NOTE
r-oldrel-windows-x86_64 1.2.2 18.00 103.00 121.00 NOTE

Check Details

Version: 1.2.2
Check: LazyData
Result: NOTE 'LazyData' is specified without a 'data' directory Flavors: r-devel-linux-x86_64-debian-clang, r-devel-linux-x86_64-debian-gcc, r-devel-linux-x86_64-fedora-clang, r-devel-linux-x86_64-fedora-gcc, r-devel-windows-x86_64, r-patched-linux-x86_64, r-release-linux-x86_64, r-release-macos-arm64, r-release-macos-x86_64, r-release-windows-x86_64, r-oldrel-macos-arm64, r-oldrel-macos-x86_64, r-oldrel-windows-x86_64