CRAN Package Check Results for Package tramME

Last updated on 2024-06-14 00:54:02 CEST.

Flavor Version Tinstall Tcheck Ttotal Status Flags
r-devel-linux-x86_64-debian-clang 1.0.5 167.56 273.83 441.39 OK
r-devel-linux-x86_64-debian-gcc 1.0.5 0.78 1.81 2.59 ERROR
r-devel-linux-x86_64-fedora-clang 1.0.5 470.74 OK
r-devel-linux-x86_64-fedora-gcc 1.0.5 483.78 OK
r-devel-windows-x86_64 1.0.5 119.00 283.00 402.00 NOTE
r-patched-linux-x86_64 1.0.5 156.56 269.90 426.46 OK
r-release-linux-x86_64 1.0.5 182.42 272.06 454.48 OK
r-release-macos-arm64 1.0.5 153.00 NOTE
r-release-macos-x86_64 1.0.5 230.00 WARN
r-release-windows-x86_64 1.0.5 115.00 281.00 396.00 NOTE
r-oldrel-macos-arm64 1.0.5 123.00 NOTE
r-oldrel-macos-x86_64 1.0.5 314.00 NOTE
r-oldrel-windows-x86_64 1.0.5 156.00 389.00 545.00 NOTE

Additional issues

noRemap

Check Details

Version: 1.0.5
Check: package dependencies
Result: ERROR Packages required but not available: 'tram', 'mlt', 'lme4' Packages suggested but not available for checking: 'gamm4', 'glmmTMB' See section ‘The DESCRIPTION file’ in the ‘Writing R Extensions’ manual. Flavor: r-devel-linux-x86_64-debian-gcc

Version: 1.0.5
Check: installed package size
Result: NOTE installed size is 15.9Mb sub-directories of 1Mb or more: doc 2.1Mb libs 13.3Mb Flavors: r-devel-windows-x86_64, r-release-macos-arm64, r-release-macos-x86_64, r-release-windows-x86_64, r-oldrel-macos-arm64, r-oldrel-macos-x86_64, r-oldrel-windows-x86_64

Version: 1.0.5
Check: re-building of vignette outputs
Result: WARN Error(s) in re-building vignettes: --- re-building ‘mixed-effects-additive-models.Rnw’ using knitr Error: processing vignette 'mixed-effects-additive-models.Rnw' failed with diagnostics: Running 'texi2dvi' on 'mixed-effects-additive-models.tex' failed. LaTeX errors: ! Undefined control sequence. l.368 \hldef {R> }\hlcom{## tramME is available from CRAN:} ? ! Emergency stop. ! Emergency stop. l.368 End of file on the terminal! ! ==> Fatal error occurred, no output PDF file produced! --- failed re-building ‘mixed-effects-additive-models.Rnw’ --- re-building ‘RJ-2021-075.Rnw’ using Sweave --- finished re-building ‘RJ-2021-075.Rnw’ SUMMARY: processing the following file failed: ‘mixed-effects-additive-models.Rnw’ Error: Vignette re-building failed. Execution halted Flavor: r-release-macos-x86_64