Last updated on 2023-12-10 06:50:41 CET.
Flavor | Version | Tinstall | Tcheck | Ttotal | Status | Flags |
---|---|---|---|---|---|---|
r-devel-linux-x86_64-debian-clang | 0.1-6 | 36.78 | 43.34 | 80.12 | NOTE | |
r-devel-linux-x86_64-debian-gcc | 0.1-6 | 26.24 | 34.71 | 60.95 | NOTE | |
r-devel-linux-x86_64-fedora-clang | 0.1-6 | 111.70 | NOTE | |||
r-devel-linux-x86_64-fedora-gcc | 0.1-6 | 106.88 | NOTE | |||
r-devel-windows-x86_64 | 0.1-6 | 28.00 | 75.00 | 103.00 | NOTE | |
r-patched-linux-x86_64 | 0.1-6 | 30.85 | 42.89 | 73.74 | NOTE | |
r-release-linux-x86_64 | 0.1-6 | 31.33 | 41.98 | 73.31 | NOTE | |
r-release-macos-arm64 | 0.1-6 | 36.00 | NOTE | |||
r-release-macos-x86_64 | 0.1-6 | 54.00 | NOTE | |||
r-release-windows-x86_64 | 0.1-6 | 32.00 | 87.00 | 119.00 | NOTE | |
r-oldrel-macos-arm64 | 0.1-6 | 35.00 | OK | |||
r-oldrel-macos-x86_64 | 0.1-6 | 45.00 | OK | |||
r-oldrel-windows-x86_64 | 0.1-6 | 37.00 | 72.00 | 109.00 | OK |
Version: 0.1-6
Check: C++ specification
Result: NOTE
Specified C++11: please drop specification unless essential
Flavors: r-devel-linux-x86_64-debian-clang, r-devel-linux-x86_64-debian-gcc, r-devel-linux-x86_64-fedora-clang, r-devel-linux-x86_64-fedora-gcc, r-devel-windows-x86_64, r-patched-linux-x86_64, r-release-linux-x86_64, r-release-macos-arm64, r-release-macos-x86_64, r-release-windows-x86_64