CRAN Package Check Results for Package torchvision

Last updated on 2021-06-20 11:51:38 CEST.

Flavor Version Tinstall Tcheck Ttotal Status Flags
r-devel-linux-x86_64-debian-clang 0.3.0 5.65 49.10 54.75 OK
r-devel-linux-x86_64-debian-gcc 0.3.0 4.15 38.00 42.15 OK
r-devel-linux-x86_64-fedora-clang 0.3.0 74.35 OK
r-devel-linux-x86_64-fedora-gcc 0.3.0 63.73 OK
r-devel-windows-x86_64 0.3.0 10.00 57.00 67.00 OK
r-devel-windows-x86_64-gcc10-UCRT 0.3.0 NOTE
r-patched-linux-x86_64 0.3.0 8.14 47.59 55.73 OK
r-patched-solaris-x86 0.3.0 92.50 OK
r-release-linux-x86_64 0.3.0 6.09 47.46 53.55 OK
r-release-macos-arm64 0.3.0 OK
r-release-macos-x86_64 0.3.0 OK
r-release-windows-ix86+x86_64 0.3.0 13.00 67.00 80.00 OK
r-oldrel-macos-x86_64 0.3.0 OK
r-oldrel-windows-ix86+x86_64 0.3.0 10.00 61.00 71.00 OK

Check Details

Version: 0.3.0
Check: package dependencies
Result: NOTE
    Package suggested but not available for checking: 'magick'
Flavor: r-devel-windows-x86_64-gcc10-UCRT

Version: 0.3.0
Check: Rd cross-references
Result: NOTE
    Package unavailable to check Rd xrefs: 'magick'
Flavor: r-devel-windows-x86_64-gcc10-UCRT