CRAN Package Check Results for Package topicmodels.etm

Last updated on 2024-06-14 05:58:43 CEST.

Flavor Version Tinstall Tcheck Ttotal Status Flags
r-devel-linux-x86_64-debian-clang 0.1.0 14.35 103.47 117.82 NOTE
r-devel-linux-x86_64-debian-gcc 0.1.0 9.35 79.77 89.12 NOTE
r-devel-linux-x86_64-fedora-clang 0.1.0 148.21 NOTE
r-devel-linux-x86_64-fedora-gcc 0.1.0 136.62 NOTE
r-devel-windows-x86_64 0.1.0 10.00 89.00 99.00 NOTE
r-patched-linux-x86_64 0.1.0 10.40 99.49 109.89 NOTE
r-release-linux-x86_64 0.1.0 12.26 99.43 111.69 NOTE
r-release-macos-arm64 0.1.0 47.00 NOTE
r-release-macos-x86_64 0.1.0 65.00 NOTE
r-release-windows-x86_64 0.1.0 11.00 91.00 102.00 NOTE
r-oldrel-macos-arm64 0.1.0 41.00 OK
r-oldrel-macos-x86_64 0.1.0 71.00 OK
r-oldrel-windows-x86_64 0.1.0 14.00 106.00 120.00 OK

Check Details

Version: 0.1.0
Check: Rd files
Result: NOTE checkRd: (-1) ETM.Rd:33: Lost braces in \itemize; \value handles \item{}{} directly checkRd: (-1) ETM.Rd:34: Lost braces in \itemize; \value handles \item{}{} directly checkRd: (-1) ETM.Rd:35: Lost braces in \itemize; \value handles \item{}{} directly checkRd: (-1) ETM.Rd:36: Lost braces in \itemize; \value handles \item{}{} directly checkRd: (-1) ETM.Rd:37: Lost braces in \itemize; \value handles \item{}{} directly Flavors: r-devel-linux-x86_64-debian-clang, r-devel-linux-x86_64-debian-gcc, r-devel-linux-x86_64-fedora-clang, r-devel-linux-x86_64-fedora-gcc, r-devel-windows-x86_64, r-patched-linux-x86_64, r-release-linux-x86_64, r-release-macos-arm64, r-release-macos-x86_64, r-release-windows-x86_64

Version: 0.1.0
Check: package dependencies
Result: NOTE Packages suggested but not available for checking: 'ggrepel', 'ggalt' Flavor: r-devel-linux-x86_64-debian-gcc